{"id":4783,"date":"2022-02-21T13:43:40","date_gmt":"2022-02-21T13:43:40","guid":{"rendered":"https:\/\/vivresonreve.ch\/?post_type=product&#038;p=4783"},"modified":"2022-02-28T17:01:40","modified_gmt":"2022-02-28T17:01:40","slug":"formation-conseil","status":"publish","type":"product","link":"https:\/\/vivresonreve.ch\/?product=formation-conseil","title":{"rendered":"Formation-Conseil"},"content":{"rendered":"<p>Depuis plus de 20 ans, Formation-Conseil guide les personnes d\u00e9sireuses d\u2019entrer sur le march\u00e9 du travail, d\u2019\u00e9voluer dans leur vie active ou de r\u00e9orienter leur carri\u00e8re. Elle a pour but de les accompagner dans ce processus en misant sur leurs exp\u00e9riences, leurs qualit\u00e9s, ainsi que leurs int\u00e9r\u00eats socio-professionnels. Pour ce faire, Formation-Conseil propose un\u00a0<strong>bilan professionnel<\/strong>\u00a0consistant en un suivi personnalis\u00e9. Il poursuit les objectifs suivants\u00a0:<\/p>\n<ul>\n<li>Dresser un \u00e9tat des lieux de sa situation actuelle<\/li>\n<li>Dessiner des cibles professionnelles r\u00e9alistes<\/li>\n<li>R\u00e9aliser un dossier de candidature convaincant<\/li>\n<li>Valoriser son profil \u00e0 travers les multim\u00e9dias<\/li>\n<li>Etablir un plan d\u2019action concret<\/li>\n<\/ul>\n<p>A l\u2019attention des entreprises, Formation-Conseil pratique \u00e9galement du\u00a0<strong>coaching collectif ou individuel<\/strong>. Cette d\u00e9marche vise \u00e0 renforcer leur fonctionnement interne et \u00e0 resserrer les liens de coop\u00e9ration entre les acteurs.<\/p>\n","protected":false},"excerpt":{"rendered":"<p>Pour ce faire, Formation-Conseil propose un\u00a0<strong>bilan professionnel<\/strong> consistant en un suivi personnalis\u00e9<\/p>\n","protected":false},"featured_media":4784,"comment_status":"open","ping_status":"closed","template":"","meta":{"_et_pb_use_builder":"","_et_pb_old_content":"","_et_gb_content_width":""},"product_brand":[],"product_cat":[53],"product_tag":[],"class_list":["post-4783","product","type-product","status-publish","has-post-thumbnail","product_cat-formation","first","instock","virtual","purchasable","product-type-simple"],"_links":{"self":[{"href":"https:\/\/vivresonreve.ch\/index.php?rest_route=\/wp\/v2\/product\/4783","targetHints":{"allow":["GET"]}}],"collection":[{"href":"https:\/\/vivresonreve.ch\/index.php?rest_route=\/wp\/v2\/product"}],"about":[{"href":"https:\/\/vivresonreve.ch\/index.php?rest_route=\/wp\/v2\/types\/product"}],"replies":[{"embeddable":true,"href":"https:\/\/vivresonreve.ch\/index.php?rest_route=%2Fwp%2Fv2%2Fcomments&post=4783"}],"wp:featuredmedia":[{"embeddable":true,"href":"https:\/\/vivresonreve.ch\/index.php?rest_route=\/wp\/v2\/media\/4784"}],"wp:attachment":[{"href":"https:\/\/vivresonreve.ch\/index.php?rest_route=%2Fwp%2Fv2%2Fmedia&parent=4783"}],"wp:term":[{"taxonomy":"product_brand","embeddable":true,"href":"https:\/\/vivresonreve.ch\/index.php?rest_route=%2Fwp%2Fv2%2Fproduct_brand&post=4783"},{"taxonomy":"product_cat","embeddable":true,"href":"https:\/\/vivresonreve.ch\/index.php?rest_route=%2Fwp%2Fv2%2Fproduct_cat&post=4783"},{"taxonomy":"product_tag","embeddable":true,"href":"https:\/\/vivresonreve.ch\/index.php?rest_route=%2Fwp%2Fv2%2Fproduct_tag&post=4783"}],"curies":[{"name":"wp","href":"https:\/\/api.w.org\/{rel}","templated":true}]}}

<p>Depuis plus de 20 ans, Formation-Conseil guide les personnes désireuses d’entrer sur le marché du travail, d’évoluer dans leur vie active ou de réorienter leur carrière. Elle a pour but de les accompagner dans ce processus en misant sur leurs expériences, leurs qualités, ainsi que leurs intérêts socio-professionnels. Pour ce faire, Formation-Conseil propose un <strong>bilan professionnel</strong> consistant en un suivi personnalisé. Il poursuit les objectifs suivants :</p>
<ul>
<li>Dresser un état des lieux de sa situation actuelle</li>
<li>Dessiner des cibles professionnelles réalistes</li>
<li>Réaliser un dossier de candidature convaincant</li>
<li>Valoriser son profil à travers les multimédias</li>
<li>Etablir un plan d’action concret</li>
</ul>
<p>A l’attention des entreprises, Formation-Conseil pratique également du <strong>coaching collectif ou individuel</strong>. Cette démarche vise à renforcer leur fonctionnement interne et à resserrer les liens de coopération entre les acteurs.</p>

<p>Pour ce faire, Formation-Conseil propose un <strong>bilan professionnel</strong> consistant en un suivi personnalisé</p>
