{"id":7976,"date":"2026-02-19T14:46:39","date_gmt":"2026-02-19T12:46:39","guid":{"rendered":"https:\/\/vivresonreve.ch\/?page_id=7976"},"modified":"2026-02-20T15:49:47","modified_gmt":"2026-02-20T13:49:47","slug":"liam-noverraz","status":"publish","type":"page","link":"https:\/\/vivresonreve.ch\/?page_id=7976","title":{"rendered":"Liam Noverraz"},"content":{"rendered":"<p>[et_pb_section fb_built=\u00a0\u00bb1&Prime; fullwidth=\u00a0\u00bbon\u00a0\u00bb _builder_version=\u00a0\u00bb3.22&Prime; background_color=\u00a0\u00bb#ffffff\u00a0\u00bb transparent_background=\u00a0\u00bboff\u00a0\u00bb global_colors_info=\u00a0\u00bb{}\u00a0\u00bb][et_pb_fullwidth_slider show_arrows=\u00a0\u00bboff\u00a0\u00bb show_pagination=\u00a0\u00bboff\u00a0\u00bb admin_label=\u00a0\u00bbFullwidth Slider\u00a0\u00bb _builder_version=\u00a0\u00bb4.14.8&Prime; custom_padding=\u00a0\u00bb|||\u00a0\u00bb custom_padding_tablet=\u00a0\u00bb|||\u00a0\u00bb custom_padding_phone=\u00a0\u00bb|||\u00a0\u00bb box_shadow_style=\u00a0\u00bbpreset6&Prime; box_shadow_blur=\u00a0\u00bb10px\u00a0\u00bb box_shadow_color=\u00a0\u00bbrgba(0,0,0,0.1)\u00a0\u00bb show_inner_shadow=\u00a0\u00bbon\u00a0\u00bb global_colors_info=\u00a0\u00bb{}\u00a0\u00bb button_text_size__hover_enabled=\u00a0\u00bboff\u00a0\u00bb button_one_text_size__hover_enabled=\u00a0\u00bboff\u00a0\u00bb button_two_text_size__hover_enabled=\u00a0\u00bboff\u00a0\u00bb button_text_color__hover_enabled=\u00a0\u00bboff\u00a0\u00bb button_one_text_color__hover_enabled=\u00a0\u00bboff\u00a0\u00bb button_two_text_color__hover_enabled=\u00a0\u00bboff\u00a0\u00bb button_border_width__hover_enabled=\u00a0\u00bboff\u00a0\u00bb button_one_border_width__hover_enabled=\u00a0\u00bboff\u00a0\u00bb button_two_border_width__hover_enabled=\u00a0\u00bboff\u00a0\u00bb button_border_color__hover_enabled=\u00a0\u00bboff\u00a0\u00bb button_one_border_color__hover_enabled=\u00a0\u00bboff\u00a0\u00bb button_two_border_color__hover_enabled=\u00a0\u00bboff\u00a0\u00bb button_border_radius__hover_enabled=\u00a0\u00bboff\u00a0\u00bb button_one_border_radius__hover_enabled=\u00a0\u00bboff\u00a0\u00bb button_two_border_radius__hover_enabled=\u00a0\u00bboff\u00a0\u00bb button_letter_spacing__hover_enabled=\u00a0\u00bboff\u00a0\u00bb button_one_letter_spacing__hover_enabled=\u00a0\u00bboff\u00a0\u00bb button_two_letter_spacing__hover_enabled=\u00a0\u00bboff\u00a0\u00bb button_bg_color__hover_enabled=\u00a0\u00bboff\u00a0\u00bb button_one_bg_color__hover_enabled=\u00a0\u00bboff\u00a0\u00bb button_two_bg_color__hover_enabled=\u00a0\u00bboff\u00a0\u00bb][\/et_pb_fullwidth_slider][et_pb_fullwidth_image src=\u00a0\u00bbhttps:\/\/vivresonreve.ch\/wp-content\/uploads\/2026\/02\/LIAMCOEUR.png\u00a0\u00bb title_text=\u00a0\u00bbLIAMCOEUR\u00a0\u00bb _builder_version=\u00a0\u00bb4.14.8&Prime; _module_preset=\u00a0\u00bbdefault\u00a0\u00bb hover_enabled=\u00a0\u00bb0&Prime; global_colors_info=\u00a0\u00bb{}\u00a0\u00bb sticky_enabled=\u00a0\u00bb0&Prime;][\/et_pb_fullwidth_image][\/et_pb_section][et_pb_section fb_built=\u00a0\u00bb1&Prime; _builder_version=\u00a0\u00bb3.22&Prime; global_colors_info=\u00a0\u00bb{}\u00a0\u00bb][et_pb_row column_structure=\u00a0\u00bb1_3,2_3&Prime; _builder_version=\u00a0\u00bb3.25&Prime; background_size=\u00a0\u00bbinitial\u00a0\u00bb background_position=\u00a0\u00bbtop_left\u00a0\u00bb background_repeat=\u00a0\u00bbrepeat\u00a0\u00bb global_colors_info=\u00a0\u00bb{}\u00a0\u00bb][et_pb_column type=\u00a0\u00bb1_3&Prime; _builder_version=\u00a0\u00bb3.25&Prime; custom_padding=\u00a0\u00bb|||\u00a0\u00bb global_colors_info=\u00a0\u00bb{}\u00a0\u00bb custom_padding__hover=\u00a0\u00bb|||\u00a0\u00bb][et_pb_image src=\u00a0\u00bbhttps:\/\/vivresonreve.ch\/wp-content\/uploads\/2026\/02\/LIAM02_inPixio.png\u00a0\u00bb title_text=\u00a0\u00bbLIAM02_inPixio\u00a0\u00bb align_tablet=\u00a0\u00bbcenter\u00a0\u00bb align_phone=\u00a0\u00bbcenter\u00a0\u00bb align_last_edited=\u00a0\u00bbon|desktop\u00a0\u00bb admin_label=\u00a0\u00bbImage\u00a0\u00bb _builder_version=\u00a0\u00bb4.14.8&Prime; animation_style=\u00a0\u00bbfade\u00a0\u00bb animation_duration=\u00a0\u00bb500ms\u00a0\u00bb animation=\u00a0\u00bbfade_in\u00a0\u00bb sticky=\u00a0\u00bboff\u00a0\u00bb global_colors_info=\u00a0\u00bb{}\u00a0\u00bb][\/et_pb_image][\/et_pb_column][et_pb_column type=\u00a0\u00bb2_3&Prime; _builder_version=\u00a0\u00bb3.25&Prime; custom_padding=\u00a0\u00bb|||\u00a0\u00bb global_colors_info=\u00a0\u00bb{}\u00a0\u00bb custom_padding__hover=\u00a0\u00bb|||\u00a0\u00bb][et_pb_text admin_label=\u00a0\u00bbText\u00a0\u00bb _builder_version=\u00a0\u00bb4.14.8&Prime; background_size=\u00a0\u00bbinitial\u00a0\u00bb background_position=\u00a0\u00bbtop_left\u00a0\u00bb background_repeat=\u00a0\u00bbrepeat\u00a0\u00bb global_colors_info=\u00a0\u00bb{}\u00a0\u00bb]<\/p>\n<h1 style=\"text-align: left; color: #4cadce; font-size: 46px;\"><em><span data-olk-copy-source=\"MessageBody\">LIAM NOVERRAZ<\/span><\/em><\/h1>\n<p><em><strong>\u00c2ge: 18 ans (26 septembre 2007)<\/strong><br \/><strong>Domicile: Ch\u00e2tel-Saint-Denis<\/strong><br \/><strong>Canton : Fribourg<\/strong>\u00a0<\/em><\/p>\n<p>[\/et_pb_text][et_pb_accordion admin_label=\u00a0\u00bbAccordion\u00a0\u00bb _builder_version=\u00a0\u00bb4.14.8&Prime; global_colors_info=\u00a0\u00bb{}\u00a0\u00bb][et_pb_accordion_item title=\u00a0\u00bbR\u00c9SULTATS SPORTIFS\u00a0\u00bb open=\u00a0\u00bbon\u00a0\u00bb _builder_version=\u00a0\u00bb4.14.8&Prime; global_colors_info=\u00a0\u00bb{}\u00a0\u00bb]<\/p>\n<p><b style=\"color: #4cadce;\"><strong>R\u00e9sultats 2024-2025<\/strong><\/b><\/p>\n<div>\n<p data-olk-copy-source=\"MessageBody\">(2024) 1er place Coupe Suisse Hot-Trail La Berra \/ Junior U19<br \/>(2024) 2\u00e8me au g\u00e9n\u00e9ral de la Coupe Suisse Hot-Trail \/ Junior U19<br \/>(2025) 13\u00e8me Coupe d&rsquo;Europe IXS Santiago de Besteiros (Portugal) \/ Pro U19<br \/>(2025) 17\u00e8me Coupe d&rsquo;Europe IXS Semmering (Autriche) \/ Pro U19<br \/>(2025) 41\u00e8me Coupe du Monde UCI Pal Arinsal (Andorre) \/ Junior<br \/>(2025) 3\u00e8me Coupe d&rsquo;Allemagne IXS Bellwald (Suisse) \/ Pro U19<\/p>\n<\/div>\n<p>[\/et_pb_accordion_item][et_pb_accordion_item title=\u00a0\u00bbOBJECTIFS\u00a0\u00bb _builder_version=\u00a0\u00bb4.14.8&Prime; global_colors_info=\u00a0\u00bb{}\u00a0\u00bb open=\u00a0\u00bboff\u00a0\u00bb]<\/p>\n<p><b style=\"color: #4cadce;\">Mes ambitions<\/b><\/p>\n<div>\n<p data-olk-copy-source=\"MessageBody\">Cours terme (Bien g\u00e9rer mon passage en cat\u00e9gorie \u00e9lite en faisant parti du top 30 europ\u00e9en cette ann\u00e9e)<\/p>\n<\/div>\n<div>\n<p>Moyen terme (Continuer ma progression dans la meilleur cat\u00e9gorie (\u00e9lite) et faire parti du top 20 europ\u00e9en)<\/p>\n<\/div>\n<div>\n<p>Long terme (Participer aux Coupes du Monde en \u00e9lite voir int\u00e9grer une Team professionnelle)<\/p>\n<\/div>\n<p>[\/et_pb_accordion_item][\/et_pb_accordion][\/et_pb_column][\/et_pb_row][et_pb_row _builder_version=\u00a0\u00bb4.14.8&Prime; background_size=\u00a0\u00bbinitial\u00a0\u00bb background_position=\u00a0\u00bbtop_left\u00a0\u00bb background_repeat=\u00a0\u00bbrepeat\u00a0\u00bb global_colors_info=\u00a0\u00bb{}\u00a0\u00bb][et_pb_column type=\u00a0\u00bb4_4&Prime; _builder_version=\u00a0\u00bb4.14.8&Prime; custom_padding=\u00a0\u00bb|||\u00a0\u00bb global_colors_info=\u00a0\u00bb{}\u00a0\u00bb custom_padding__hover=\u00a0\u00bb|||\u00a0\u00bb][et_pb_gallery gallery_ids=\u00a0\u00bb7982,7981,7980,7979&Prime; show_title_and_caption=\u00a0\u00bboff\u00a0\u00bb _builder_version=\u00a0\u00bb4.14.8&Prime; _module_preset=\u00a0\u00bbdefault\u00a0\u00bb global_colors_info=\u00a0\u00bb{}\u00a0\u00bb][\/et_pb_gallery][\/et_pb_column][\/et_pb_row][\/et_pb_section]<\/p>\n","protected":false},"excerpt":{"rendered":"<p>LIAM NOVERRAZ \u00c2ge: 18 ans (26 septembre 2007)Domicile: Ch\u00e2tel-Saint-DenisCanton : Fribourg\u00a0R\u00e9sultats 2024-2025 (2024) 1er place Coupe Suisse Hot-Trail La Berra \/ Junior U19(2024) 2\u00e8me au g\u00e9n\u00e9ral de la Coupe Suisse Hot-Trail \/ Junior U19(2025) 13\u00e8me Coupe d&rsquo;Europe IXS Santiago de Besteiros (Portugal) \/ Pro U19(2025) 17\u00e8me Coupe d&rsquo;Europe IXS Semmering (Autriche) \/ Pro U19(2025) 41\u00e8me [&hellip;]<\/p>\n","protected":false},"author":2,"featured_media":0,"parent":0,"menu_order":0,"comment_status":"closed","ping_status":"closed","template":"","meta":{"_et_pb_use_builder":"on","_et_pb_old_content":"","_et_gb_content_width":"","footnotes":""},"class_list":["post-7976","page","type-page","status-publish","hentry"],"_links":{"self":[{"href":"https:\/\/vivresonreve.ch\/index.php?rest_route=\/wp\/v2\/pages\/7976","targetHints":{"allow":["GET"]}}],"collection":[{"href":"https:\/\/vivresonreve.ch\/index.php?rest_route=\/wp\/v2\/pages"}],"about":[{"href":"https:\/\/vivresonreve.ch\/index.php?rest_route=\/wp\/v2\/types\/page"}],"author":[{"embeddable":true,"href":"https:\/\/vivresonreve.ch\/index.php?rest_route=\/wp\/v2\/users\/2"}],"replies":[{"embeddable":true,"href":"https:\/\/vivresonreve.ch\/index.php?rest_route=%2Fwp%2Fv2%2Fcomments&post=7976"}],"version-history":[{"count":12,"href":"https:\/\/vivresonreve.ch\/index.php?rest_route=\/wp\/v2\/pages\/7976\/revisions"}],"predecessor-version":[{"id":8002,"href":"https:\/\/vivresonreve.ch\/index.php?rest_route=\/wp\/v2\/pages\/7976\/revisions\/8002"}],"wp:attachment":[{"href":"https:\/\/vivresonreve.ch\/index.php?rest_route=%2Fwp%2Fv2%2Fmedia&parent=7976"}],"curies":[{"name":"wp","href":"https:\/\/api.w.org\/{rel}","templated":true}]}}

<p>[et_pb_section fb_built= »1&Prime; fullwidth= »on » _builder_version= »3.22&Prime; background_color= »#ffffff » transparent_background= »off » global_colors_info= »{} »][et_pb_fullwidth_slider show_arrows= »off » show_pagination= »off » admin_label= »Fullwidth Slider » _builder_version= »4.14.8&Prime; custom_padding= »||| » custom_padding_tablet= »||| » custom_padding_phone= »||| » box_shadow_style= »preset6&Prime; box_shadow_blur= »10px » box_shadow_color= »rgba(0,0,0,0.1) » show_inner_shadow= »on » global_colors_info= »{} » button_text_size__hover_enabled= »off » button_one_text_size__hover_enabled= »off » button_two_text_size__hover_enabled= »off » button_text_color__hover_enabled= »off » button_one_text_color__hover_enabled= »off » button_two_text_color__hover_enabled= »off » button_border_width__hover_enabled= »off » button_one_border_width__hover_enabled= »off » button_two_border_width__hover_enabled= »off » button_border_color__hover_enabled= »off » button_one_border_color__hover_enabled= »off » button_two_border_color__hover_enabled= »off » button_border_radius__hover_enabled= »off » button_one_border_radius__hover_enabled= »off » button_two_border_radius__hover_enabled= »off » button_letter_spacing__hover_enabled= »off » button_one_letter_spacing__hover_enabled= »off » button_two_letter_spacing__hover_enabled= »off » button_bg_color__hover_enabled= »off » button_one_bg_color__hover_enabled= »off » button_two_bg_color__hover_enabled= »off »][/et_pb_fullwidth_slider][et_pb_fullwidth_image src= »https://vivresonreve.ch/wp-content/uploads/2026/02/LIAMCOEUR.png » title_text= »LIAMCOEUR » _builder_version= »4.14.8&Prime; _module_preset= »default » hover_enabled= »0&Prime; global_colors_info= »{} » sticky_enabled= »0&Prime;][/et_pb_fullwidth_image][/et_pb_section][et_pb_section fb_built= »1&Prime; _builder_version= »3.22&Prime; global_colors_info= »{} »][et_pb_row column_structure= »1_3,2_3&Prime; _builder_version= »3.25&Prime; background_size= »initial » background_position= »top_left » background_repeat= »repeat » global_colors_info= »{} »][et_pb_column type= »1_3&Prime; _builder_version= »3.25&Prime; custom_padding= »||| » global_colors_info= »{} » custom_padding__hover= »||| »][et_pb_image src= »https://vivresonreve.ch/wp-content/uploads/2026/02/LIAM02_inPixio.png » title_text= »LIAM02_inPixio » align_tablet= »center » align_phone= »center » align_last_edited= »on|desktop » admin_label= »Image » _builder_version= »4.14.8&Prime; animation_style= »fade » animation_duration= »500ms » animation= »fade_in » sticky= »off » global_colors_info= »{} »][/et_pb_image][/et_pb_column][et_pb_column type= »2_3&Prime; _builder_version= »3.25&Prime; custom_padding= »||| » global_colors_info= »{} » custom_padding__hover= »||| »][et_pb_text admin_label= »Text » _builder_version= »4.14.8&Prime; background_size= »initial » background_position= »top_left » background_repeat= »repeat » global_colors_info= »{} »]</p>
<h1 style="text-align: left; color: #4cadce; font-size: 46px;"><em><span data-olk-copy-source="MessageBody">LIAM NOVERRAZ</span></em></h1>
<p><em><strong>Âge: 18 ans (26 septembre 2007)</strong><br /><strong>Domicile: Châtel-Saint-Denis</strong><br /><strong>Canton : Fribourg</strong> </em></p>
<p>[/et_pb_text][et_pb_accordion admin_label= »Accordion » _builder_version= »4.14.8&Prime; global_colors_info= »{} »][et_pb_accordion_item title= »RÉSULTATS SPORTIFS » open= »on » _builder_version= »4.14.8&Prime; global_colors_info= »{} »]</p>
<p><b style="color: #4cadce;"><strong>Résultats 2024-2025</strong></b></p>
<div>
<p data-olk-copy-source="MessageBody">(2024) 1er place Coupe Suisse Hot-Trail La Berra / Junior U19<br />(2024) 2ème au général de la Coupe Suisse Hot-Trail / Junior U19<br />(2025) 13ème Coupe d&rsquo;Europe IXS Santiago de Besteiros (Portugal) / Pro U19<br />(2025) 17ème Coupe d&rsquo;Europe IXS Semmering (Autriche) / Pro U19<br />(2025) 41ème Coupe du Monde UCI Pal Arinsal (Andorre) / Junior<br />(2025) 3ème Coupe d&rsquo;Allemagne IXS Bellwald (Suisse) / Pro U19</p>
</div>
<p>[/et_pb_accordion_item][et_pb_accordion_item title= »OBJECTIFS » _builder_version= »4.14.8&Prime; global_colors_info= »{} » open= »off »]</p>
<p><b style="color: #4cadce;">Mes ambitions</b></p>
<div>
<p data-olk-copy-source="MessageBody">Cours terme (Bien gérer mon passage en catégorie élite en faisant parti du top 30 européen cette année)</p>
</div>
<div>
<p>Moyen terme (Continuer ma progression dans la meilleur catégorie (élite) et faire parti du top 20 européen)</p>
</div>
<div>
<p>Long terme (Participer aux Coupes du Monde en élite voir intégrer une Team professionnelle)</p>
</div>
<p>[/et_pb_accordion_item][/et_pb_accordion][/et_pb_column][/et_pb_row][et_pb_row _builder_version= »4.14.8&Prime; background_size= »initial » background_position= »top_left » background_repeat= »repeat » global_colors_info= »{} »][et_pb_column type= »4_4&Prime; _builder_version= »4.14.8&Prime; custom_padding= »||| » global_colors_info= »{} » custom_padding__hover= »||| »][et_pb_gallery gallery_ids= »7982,7981,7980,7979&Prime; show_title_and_caption= »off » _builder_version= »4.14.8&Prime; _module_preset= »default » global_colors_info= »{} »][/et_pb_gallery][/et_pb_column][/et_pb_row][/et_pb_section]</p>

<p>LIAM NOVERRAZ Âge: 18 ans (26 septembre 2007)Domicile: Châtel-Saint-DenisCanton : Fribourg Résultats 2024-2025 (2024) 1er place Coupe Suisse Hot-Trail La Berra / Junior U19(2024) 2ème au général de la Coupe Suisse Hot-Trail / Junior U19(2025) 13ème Coupe d&rsquo;Europe IXS Santiago de Besteiros (Portugal) / Pro U19(2025) 17ème Coupe d&rsquo;Europe IXS Semmering (Autriche) / Pro U19(2025) 41ème [&hellip;]</p>
