{"id":7885,"date":"2026-01-26T11:27:57","date_gmt":"2026-01-26T09:27:57","guid":{"rendered":"https:\/\/vivresonreve.ch\/?page_id=7885"},"modified":"2026-01-26T11:28:01","modified_gmt":"2026-01-26T09:28:01","slug":"le-challenge-de-lentre-2-mers","status":"publish","type":"page","link":"https:\/\/vivresonreve.ch\/?page_id=7885","title":{"rendered":"Le Challenge de \u00ab l\u2019Entre 2 mers \u00bb"},"content":{"rendered":"<p>[et_pb_section fb_built=\u00a0\u00bb1&Prime; _builder_version=\u00a0\u00bb4.14.8&Prime; background_color=\u00a0\u00bb#ffffff\u00a0\u00bb background_image=\u00a0\u00bbhttps:\/\/vivresonreve.ch\/wp-content\/uploads\/2014\/11\/Title_bg_comite_presentation.jpg\u00a0\u00bb transparent_background=\u00a0\u00bboff\u00a0\u00bb global_colors_info=\u00a0\u00bb{}\u00a0\u00bb][et_pb_row _builder_version=\u00a0\u00bb4.14.8&Prime; background_size=\u00a0\u00bbinitial\u00a0\u00bb background_position=\u00a0\u00bbtop_left\u00a0\u00bb background_repeat=\u00a0\u00bbrepeat\u00a0\u00bb global_colors_info=\u00a0\u00bb{}\u00a0\u00bb][et_pb_column type=\u00a0\u00bb4_4&Prime; _builder_version=\u00a0\u00bb3.25&Prime; custom_padding=\u00a0\u00bb|||\u00a0\u00bb global_colors_info=\u00a0\u00bb{}\u00a0\u00bb custom_padding__hover=\u00a0\u00bb|||\u00a0\u00bb][et_pb_image src=\u00a0\u00bbhttps:\/\/vivresonreve.ch\/wp-content\/uploads\/2026\/01\/entre.png\u00a0\u00bb title_text=\u00a0\u00bbentre\u00a0\u00bb show_bottom_space=\u00a0\u00bboff\u00a0\u00bb align_tablet=\u00a0\u00bbcenter\u00a0\u00bb align_phone=\u00a0\u00bbcenter\u00a0\u00bb align_last_edited=\u00a0\u00bbon|desktop\u00a0\u00bb admin_label=\u00a0\u00bbImage\u00a0\u00bb _builder_version=\u00a0\u00bb4.14.8&Prime; animation_style=\u00a0\u00bbfade\u00a0\u00bb animation_duration=\u00a0\u00bb500ms\u00a0\u00bb animation=\u00a0\u00bbfade_in\u00a0\u00bb sticky=\u00a0\u00bbon\u00a0\u00bb global_colors_info=\u00a0\u00bb{}\u00a0\u00bb][\/et_pb_image][\/et_pb_column][\/et_pb_row][\/et_pb_section][et_pb_section fb_built=\u00a0\u00bb1&Prime; _builder_version=\u00a0\u00bb4.14.8&Prime; _module_preset=\u00a0\u00bbdefault\u00a0\u00bb global_colors_info=\u00a0\u00bb{}\u00a0\u00bb][et_pb_row _builder_version=\u00a0\u00bb4.14.8&Prime; _module_preset=\u00a0\u00bbdefault\u00a0\u00bb global_colors_info=\u00a0\u00bb{}\u00a0\u00bb][et_pb_column type=\u00a0\u00bb4_4&Prime; _builder_version=\u00a0\u00bb4.14.8&Prime; _module_preset=\u00a0\u00bbdefault\u00a0\u00bb global_colors_info=\u00a0\u00bb{}\u00a0\u00bb][et_pb_text admin_label=\u00a0\u00bbTexte\u00a0\u00bb _builder_version=\u00a0\u00bb4.14.8&Prime; _module_preset=\u00a0\u00bbdefault\u00a0\u00bb global_colors_info=\u00a0\u00bb{}\u00a0\u00bb]<\/p>\n<h1>Le Challenge de \u00ab l\u2019Entre 2 mers \u00bb<\/h1>\n<p>Florence l&rsquo;Huillier (pr\u00e9sidente de l\u2019ACS) roule en faveur des enfants malades et handicap\u00e9s de \u00ab Vivre son R\u00eave \u00bb<\/p>\n<p>Nous remercions infiniment Florence pour cette g\u00e9n\u00e9reuse initiative et peut-\u00eatre que certains d\u2019entre vous seront inspir\u00e9s par cette bonne\u00a0action<\/p>\n<p>\u00c0 6 jours de mon d\u00e9part de rouler en solo sur la piste cyclable de \u00ab\u00a0l\u2019entre 2 mers\u00a0\u00bb avec un ancien v\u00e9lo \u00e2g\u00e9 de 25 ans, l\u2019id\u00e9e de faire cette route sans but me semblait inutile&#8230; Rouler seule de S\u00e8te \u00e0 Royan (env.650 kms) juste pour moi me d\u00e9rangerait car je suis une femme de d\u00e9fis. Et c\u2019est l\u00e0 que ce matin, il fallait dans mon esprit que je roule pour une bonne cause &#8230; Mes recherches ont \u00e9t\u00e9 attir\u00e9es sur cette jolie association \u00ab\u00a0Vivre son R\u00eave\u00a0\u00bb et comme une \u00e9vidence, j\u2019ai compos\u00e9 le num\u00e9ro affich\u00e9.<\/p>\n<p>J\u2019ai \u00e9t\u00e9 re\u00e7ue avec gentillesse et enthousiasme par Dominique Bovey lorsque je lui ai racont\u00e9e mon trip &#8230;<\/p>\n<p>Ma d\u00e9cision est prise, chaque kilom\u00e8tre parcouru sera en faveur de cette association qui me tiens d\u00e9j\u00e0 \u00e0 c\u0153ur. Si tout va bien \u00e0 Royan, j\u2019augmenterai mon kilom\u00e9trage pour l\u2019association en parcourant en plus, le tour de l\u2019\u00eele d\u2019Ol\u00e9ron<\/p>\n<p>J\u2019ai d\u00e9cid\u00e9 d\u2019offrir \u00e0 \u00ab Vivre son R\u00eave \u00bb\u00a01.-chf\u00a0le\u00a0km<\/p>\n<p>D\u00e9part S\u00e8te<\/p>\n<ol>\n<li>\u00c9tape Capestang (72km)<\/li>\n<li>\u00c9tape Caux-et-Sauzens (92km)<\/li>\n<li>\u00c9tape Toulouse (90km)<\/li>\n<li>\u00a0\u00c9tape Agen (112km)<\/li>\n<li>\u00c9tape Sauveterre-de-Guyenne (94km)<\/li>\n<li>\u00c9tape Blaye (110km)<\/li>\n<li>\u00c9tape Royan (100km)<\/li>\n<li>Option : faire le tour de l&rsquo;\u00eele d&rsquo;Ol\u00e9ron, au total\u00a0environ 800km<\/li>\n<\/ol>\n<p>[\/et_pb_text][\/et_pb_column][\/et_pb_row][\/et_pb_section][et_pb_section fb_built=\u00a0\u00bb1&Prime; _builder_version=\u00a0\u00bb4.14.8&Prime; _module_preset=\u00a0\u00bbdefault\u00a0\u00bb global_colors_info=\u00a0\u00bb{}\u00a0\u00bb][et_pb_row _builder_version=\u00a0\u00bb4.14.8&Prime; _module_preset=\u00a0\u00bbdefault\u00a0\u00bb global_colors_info=\u00a0\u00bb{}\u00a0\u00bb][et_pb_column type=\u00a0\u00bb4_4&Prime; _builder_version=\u00a0\u00bb4.14.8&Prime; _module_preset=\u00a0\u00bbdefault\u00a0\u00bb global_colors_info=\u00a0\u00bb{}\u00a0\u00bb][et_pb_video src=\u00a0\u00bbhttps:\/\/vivresonreve.ch\/wp-content\/uploads\/2025\/08\/WhatsApp-Video-2025-08-08-a-11.21.16_657e7e41.mp4&Prime; _builder_version=\u00a0\u00bb4.14.8&Prime; _module_preset=\u00a0\u00bbdefault\u00a0\u00bb global_colors_info=\u00a0\u00bb{}\u00a0\u00bb][\/et_pb_video][\/et_pb_column][\/et_pb_row][\/et_pb_section][et_pb_section fb_built=\u00a0\u00bb1&Prime; _builder_version=\u00a0\u00bb4.14.8&Prime; _module_preset=\u00a0\u00bbdefault\u00a0\u00bb global_colors_info=\u00a0\u00bb{}\u00a0\u00bb][et_pb_row _builder_version=\u00a0\u00bb4.14.8&Prime; _module_preset=\u00a0\u00bbdefault\u00a0\u00bb global_colors_info=\u00a0\u00bb{}\u00a0\u00bb][et_pb_column type=\u00a0\u00bb4_4&Prime; _builder_version=\u00a0\u00bb4.14.8&Prime; _module_preset=\u00a0\u00bbdefault\u00a0\u00bb global_colors_info=\u00a0\u00bb{}\u00a0\u00bb][et_pb_gallery gallery_ids=\u00a0\u00bb7635,7636,7637,7638,7639,7640,7641,7642,7643,7644,7645,7646,7647,7648,7697,7698,7699,7700,7701,7702,7703,7704,7705,7706,7707,7708,7709,7710,7711,7712,7713,7714,7715,7716,7717,7718,7719,7726,7727,7728,7729,7730,7731,7732&Prime; show_title_and_caption=\u00a0\u00bboff\u00a0\u00bb _builder_version=\u00a0\u00bb4.14.8&Prime; _module_preset=\u00a0\u00bbdefault\u00a0\u00bb global_colors_info=\u00a0\u00bb{}\u00a0\u00bb][\/et_pb_gallery][\/et_pb_column][\/et_pb_row][\/et_pb_section]<\/p>\n","protected":false},"excerpt":{"rendered":"<p>Le Challenge de \u00ab l\u2019Entre 2 mers \u00bb Florence l&rsquo;Huillier (pr\u00e9sidente de l\u2019ACS) roule en faveur des enfants malades et handicap\u00e9s de \u00ab Vivre son R\u00eave \u00bb Nous remercions infiniment Florence pour cette g\u00e9n\u00e9reuse initiative et peut-\u00eatre que certains d\u2019entre vous seront inspir\u00e9s par cette bonne\u00a0action \u00c0 6 jours de mon d\u00e9part de rouler en [&hellip;]<\/p>\n","protected":false},"author":2,"featured_media":0,"parent":0,"menu_order":0,"comment_status":"closed","ping_status":"closed","template":"","meta":{"_et_pb_use_builder":"on","_et_pb_old_content":"","_et_gb_content_width":"","footnotes":""},"class_list":["post-7885","page","type-page","status-publish","hentry"],"_links":{"self":[{"href":"https:\/\/vivresonreve.ch\/index.php?rest_route=\/wp\/v2\/pages\/7885","targetHints":{"allow":["GET"]}}],"collection":[{"href":"https:\/\/vivresonreve.ch\/index.php?rest_route=\/wp\/v2\/pages"}],"about":[{"href":"https:\/\/vivresonreve.ch\/index.php?rest_route=\/wp\/v2\/types\/page"}],"author":[{"embeddable":true,"href":"https:\/\/vivresonreve.ch\/index.php?rest_route=\/wp\/v2\/users\/2"}],"replies":[{"embeddable":true,"href":"https:\/\/vivresonreve.ch\/index.php?rest_route=%2Fwp%2Fv2%2Fcomments&post=7885"}],"version-history":[{"count":4,"href":"https:\/\/vivresonreve.ch\/index.php?rest_route=\/wp\/v2\/pages\/7885\/revisions"}],"predecessor-version":[{"id":7890,"href":"https:\/\/vivresonreve.ch\/index.php?rest_route=\/wp\/v2\/pages\/7885\/revisions\/7890"}],"wp:attachment":[{"href":"https:\/\/vivresonreve.ch\/index.php?rest_route=%2Fwp%2Fv2%2Fmedia&parent=7885"}],"curies":[{"name":"wp","href":"https:\/\/api.w.org\/{rel}","templated":true}]}}

<p>[et_pb_section fb_built= »1&Prime; _builder_version= »4.14.8&Prime; background_color= »#ffffff » background_image= »https://vivresonreve.ch/wp-content/uploads/2014/11/Title_bg_comite_presentation.jpg » transparent_background= »off » global_colors_info= »{} »][et_pb_row _builder_version= »4.14.8&Prime; background_size= »initial » background_position= »top_left » background_repeat= »repeat » global_colors_info= »{} »][et_pb_column type= »4_4&Prime; _builder_version= »3.25&Prime; custom_padding= »||| » global_colors_info= »{} » custom_padding__hover= »||| »][et_pb_image src= »https://vivresonreve.ch/wp-content/uploads/2026/01/entre.png » title_text= »entre » show_bottom_space= »off » align_tablet= »center » align_phone= »center » align_last_edited= »on|desktop » admin_label= »Image » _builder_version= »4.14.8&Prime; animation_style= »fade » animation_duration= »500ms » animation= »fade_in » sticky= »on » global_colors_info= »{} »][/et_pb_image][/et_pb_column][/et_pb_row][/et_pb_section][et_pb_section fb_built= »1&Prime; _builder_version= »4.14.8&Prime; _module_preset= »default » global_colors_info= »{} »][et_pb_row _builder_version= »4.14.8&Prime; _module_preset= »default » global_colors_info= »{} »][et_pb_column type= »4_4&Prime; _builder_version= »4.14.8&Prime; _module_preset= »default » global_colors_info= »{} »][et_pb_text admin_label= »Texte » _builder_version= »4.14.8&Prime; _module_preset= »default » global_colors_info= »{} »]</p>
<h1>Le Challenge de « l’Entre 2 mers »</h1>
<p>Florence l&rsquo;Huillier (présidente de l’ACS) roule en faveur des enfants malades et handicapés de « Vivre son Rêve »</p>
<p>Nous remercions infiniment Florence pour cette généreuse initiative et peut-être que certains d’entre vous seront inspirés par cette bonne action</p>
<p>À 6 jours de mon départ de rouler en solo sur la piste cyclable de « l’entre 2 mers » avec un ancien vélo âgé de 25 ans, l’idée de faire cette route sans but me semblait inutile&#8230; Rouler seule de Sète à Royan (env.650 kms) juste pour moi me dérangerait car je suis une femme de défis. Et c’est là que ce matin, il fallait dans mon esprit que je roule pour une bonne cause &#8230; Mes recherches ont été attirées sur cette jolie association « Vivre son Rêve » et comme une évidence, j’ai composé le numéro affiché.</p>
<p>J’ai été reçue avec gentillesse et enthousiasme par Dominique Bovey lorsque je lui ai racontée mon trip &#8230;</p>
<p>Ma décision est prise, chaque kilomètre parcouru sera en faveur de cette association qui me tiens déjà à cœur. Si tout va bien à Royan, j’augmenterai mon kilométrage pour l’association en parcourant en plus, le tour de l’île d’Oléron</p>
<p>J’ai décidé d’offrir à « Vivre son Rêve » 1.-chf le km</p>
<p>Départ Sète</p>
<ol>
<li>Étape Capestang (72km)</li>
<li>Étape Caux-et-Sauzens (92km)</li>
<li>Étape Toulouse (90km)</li>
<li> Étape Agen (112km)</li>
<li>Étape Sauveterre-de-Guyenne (94km)</li>
<li>Étape Blaye (110km)</li>
<li>Étape Royan (100km)</li>
<li>Option : faire le tour de l&rsquo;île d&rsquo;Oléron, au total environ 800km</li>
</ol>
<p>[/et_pb_text][/et_pb_column][/et_pb_row][/et_pb_section][et_pb_section fb_built= »1&Prime; _builder_version= »4.14.8&Prime; _module_preset= »default » global_colors_info= »{} »][et_pb_row _builder_version= »4.14.8&Prime; _module_preset= »default » global_colors_info= »{} »][et_pb_column type= »4_4&Prime; _builder_version= »4.14.8&Prime; _module_preset= »default » global_colors_info= »{} »][et_pb_video src= »https://vivresonreve.ch/wp-content/uploads/2025/08/WhatsApp-Video-2025-08-08-a-11.21.16_657e7e41.mp4&Prime; _builder_version= »4.14.8&Prime; _module_preset= »default » global_colors_info= »{} »][/et_pb_video][/et_pb_column][/et_pb_row][/et_pb_section][et_pb_section fb_built= »1&Prime; _builder_version= »4.14.8&Prime; _module_preset= »default » global_colors_info= »{} »][et_pb_row _builder_version= »4.14.8&Prime; _module_preset= »default » global_colors_info= »{} »][et_pb_column type= »4_4&Prime; _builder_version= »4.14.8&Prime; _module_preset= »default » global_colors_info= »{} »][et_pb_gallery gallery_ids= »7635,7636,7637,7638,7639,7640,7641,7642,7643,7644,7645,7646,7647,7648,7697,7698,7699,7700,7701,7702,7703,7704,7705,7706,7707,7708,7709,7710,7711,7712,7713,7714,7715,7716,7717,7718,7719,7726,7727,7728,7729,7730,7731,7732&Prime; show_title_and_caption= »off » _builder_version= »4.14.8&Prime; _module_preset= »default » global_colors_info= »{} »][/et_pb_gallery][/et_pb_column][/et_pb_row][/et_pb_section]</p>

<p>Le Challenge de « l’Entre 2 mers » Florence l&rsquo;Huillier (présidente de l’ACS) roule en faveur des enfants malades et handicapés de « Vivre son Rêve » Nous remercions infiniment Florence pour cette généreuse initiative et peut-être que certains d’entre vous seront inspirés par cette bonne action À 6 jours de mon départ de rouler en [&hellip;]</p>
