{"id":7792,"date":"2025-08-25T10:20:23","date_gmt":"2025-08-25T08:20:23","guid":{"rendered":"https:\/\/vivresonreve.ch\/?page_id=7792"},"modified":"2026-05-04T12:42:32","modified_gmt":"2026-05-04T10:42:32","slug":"presents-2","status":"publish","type":"page","link":"https:\/\/vivresonreve.ch\/?page_id=7792","title":{"rendered":"Pr\u00e9sents"},"content":{"rendered":"<p>[et_pb_section fb_built=\u00a0\u00bb1&Prime; _builder_version=\u00a0\u00bb3.22&Prime; background_color=\u00a0\u00bb#ffffff\u00a0\u00bb background_image=\u00a0\u00bbhttps:\/\/vivresonreve.ch\/wp-content\/uploads\/2014\/11\/Title_bg_comite_presentation.jpg\u00a0\u00bb transparent_background=\u00a0\u00bboff\u00a0\u00bb global_colors_info=\u00a0\u00bb{}\u00a0\u00bb][et_pb_row _builder_version=\u00a0\u00bb3.25&Prime; background_size=\u00a0\u00bbinitial\u00a0\u00bb background_position=\u00a0\u00bbtop_left\u00a0\u00bb background_repeat=\u00a0\u00bbrepeat\u00a0\u00bb global_colors_info=\u00a0\u00bb{}\u00a0\u00bb][et_pb_column type=\u00a0\u00bb4_4&Prime; _builder_version=\u00a0\u00bb3.25&Prime; custom_padding=\u00a0\u00bb|||\u00a0\u00bb global_colors_info=\u00a0\u00bb{}\u00a0\u00bb custom_padding__hover=\u00a0\u00bb|||\u00a0\u00bb][et_pb_image src=\u00a0\u00bbhttps:\/\/vivresonreve.ch\/wp-content\/uploads\/2025\/08\/presents.png\u00a0\u00bb title_text=\u00a0\u00bbpr\u00e9sents\u00a0\u00bb show_bottom_space=\u00a0\u00bboff\u00a0\u00bb align_tablet=\u00a0\u00bbcenter\u00a0\u00bb align_phone=\u00a0\u00bbcenter\u00a0\u00bb align_last_edited=\u00a0\u00bbon|desktop\u00a0\u00bb admin_label=\u00a0\u00bbImage\u00a0\u00bb _builder_version=\u00a0\u00bb4.14.8&Prime; animation_style=\u00a0\u00bbfade\u00a0\u00bb animation_duration=\u00a0\u00bb500ms\u00a0\u00bb animation=\u00a0\u00bbfade_in\u00a0\u00bb sticky=\u00a0\u00bbon\u00a0\u00bb global_colors_info=\u00a0\u00bb{}\u00a0\u00bb][\/et_pb_image][\/et_pb_column][\/et_pb_row][\/et_pb_section][et_pb_section fb_built=\u00a0\u00bb1&Prime; _builder_version=\u00a0\u00bb4.14.8&Prime; _module_preset=\u00a0\u00bbdefault\u00a0\u00bb global_colors_info=\u00a0\u00bb{}\u00a0\u00bb][et_pb_row _builder_version=\u00a0\u00bb4.14.8&Prime; _module_preset=\u00a0\u00bbdefault\u00a0\u00bb global_colors_info=\u00a0\u00bb{}\u00a0\u00bb][et_pb_column type=\u00a0\u00bb4_4&Prime; _builder_version=\u00a0\u00bb4.14.8&Prime; _module_preset=\u00a0\u00bbdefault\u00a0\u00bb global_colors_info=\u00a0\u00bb{}\u00a0\u00bb][et_pb_text _builder_version=\u00a0\u00bb4.14.8&Prime; _module_preset=\u00a0\u00bbdefault\u00a0\u00bb hover_enabled=\u00a0\u00bb0&Prime; global_colors_info=\u00a0\u00bb{}\u00a0\u00bb sticky_enabled=\u00a0\u00bb0&Prime;]<\/p>\n<h2 style=\"text-align: center;\">Concert Gospel 4 juillet 2026<br \/>Salle associativre Charmey<br \/>\n<\/h2>\n<h2 style=\"text-align: center;\"><a href=\"https:\/\/www.murielmorandi.com\/concert-gospel\" target=\"_blank\" rel=\"noopener\"><img loading=\"lazy\" decoding=\"async\" src=\"https:\/\/vivresonreve.ch\/wp-content\/uploads\/2026\/05\/GOSPEL-212x300.jpeg\" width=\"470\" height=\"666\" alt=\"\" class=\"wp-image-8025 aligncenter size-medium\" \/><\/a><\/h2>\n<p>[\/et_pb_text][\/et_pb_column][\/et_pb_row][\/et_pb_section][et_pb_section fb_built=\u00a0\u00bb1&Prime; _builder_version=\u00a0\u00bb4.14.8&Prime; _module_preset=\u00a0\u00bbdefault\u00a0\u00bb global_colors_info=\u00a0\u00bb{}\u00a0\u00bb][et_pb_row _builder_version=\u00a0\u00bb4.14.8&Prime; _module_preset=\u00a0\u00bbdefault\u00a0\u00bb global_colors_info=\u00a0\u00bb{}\u00a0\u00bb][et_pb_column type=\u00a0\u00bb4_4&Prime; _builder_version=\u00a0\u00bb4.14.8&Prime; _module_preset=\u00a0\u00bbdefault\u00a0\u00bb global_colors_info=\u00a0\u00bb{}\u00a0\u00bb][et_pb_text _builder_version=\u00a0\u00bb4.14.8&Prime; _module_preset=\u00a0\u00bbdefault\u00a0\u00bb global_colors_info=\u00a0\u00bb{}\u00a0\u00bb]<\/p>\n<h2 style=\"text-align: center;\"><span data-olk-copy-source=\"MessageBody\">Jeudi 24 septembre 2026 le loto \u00e0 l\u2019Escale de Givisiez, \u00e0 20h00<\/span><\/h2>\n<p>[\/et_pb_text][\/et_pb_column][\/et_pb_row][\/et_pb_section][et_pb_section fb_built=\u00a0\u00bb1&Prime; _builder_version=\u00a0\u00bb4.14.8&Prime; _module_preset=\u00a0\u00bbdefault\u00a0\u00bb global_colors_info=\u00a0\u00bb{}\u00a0\u00bb][et_pb_row _builder_version=\u00a0\u00bb4.14.8&Prime; _module_preset=\u00a0\u00bbdefault\u00a0\u00bb global_colors_info=\u00a0\u00bb{}\u00a0\u00bb][et_pb_column type=\u00a0\u00bb4_4&Prime; _builder_version=\u00a0\u00bb4.14.8&Prime; _module_preset=\u00a0\u00bbdefault\u00a0\u00bb global_colors_info=\u00a0\u00bb{}\u00a0\u00bb][et_pb_text _builder_version=\u00a0\u00bb4.14.8&Prime; _module_preset=\u00a0\u00bbdefault\u00a0\u00bb global_colors_info=\u00a0\u00bb{}\u00a0\u00bb]<\/p>\n<h2 style=\"text-align: center;\">Vendredi 6 novembre 2026, de 11h45 \u2013 14h00, manifestation annuelle Vivre son R\u00eave chez MaFondue, \u00e0 la Tour de Tr\u00eame<\/h2>\n<h2 style=\"text-align: center;\"><a href=\"https:\/\/mafondue.ch\/espace-fernand\/\" target=\"_blank\" rel=\"noopener\">https:\/\/mafondue.ch\/espace-fernand\/<\/a><\/h2>\n<p><a href=\"https:\/\/vivresonreve.ch\/wp-content\/uploads\/2026\/01\/ondue.png\"><img loading=\"lazy\" decoding=\"async\" src=\"https:\/\/vivresonreve.ch\/wp-content\/uploads\/2026\/01\/ondue-300x300.png\" width=\"355\" height=\"355\" alt=\"\" class=\"wp-image-7872 aligncenter size-medium\" \/><\/a><\/p>\n<p>[\/et_pb_text][\/et_pb_column][\/et_pb_row][\/et_pb_section]<\/p>\n","protected":false},"excerpt":{"rendered":"<p>Concert Gospel 4 juillet 2026Salle associativre Charmey Jeudi 24 septembre 2026 le loto \u00e0 l\u2019Escale de Givisiez, \u00e0 20h00Vendredi 6 novembre 2026, de 11h45 \u2013 14h00, manifestation annuelle Vivre son R\u00eave chez MaFondue, \u00e0 la Tour de Tr\u00eame https:\/\/mafondue.ch\/espace-fernand\/<\/p>\n","protected":false},"author":2,"featured_media":0,"parent":0,"menu_order":0,"comment_status":"closed","ping_status":"closed","template":"","meta":{"_et_pb_use_builder":"on","_et_pb_old_content":"","_et_gb_content_width":"","footnotes":""},"class_list":["post-7792","page","type-page","status-publish","hentry"],"_links":{"self":[{"href":"https:\/\/vivresonreve.ch\/index.php?rest_route=\/wp\/v2\/pages\/7792","targetHints":{"allow":["GET"]}}],"collection":[{"href":"https:\/\/vivresonreve.ch\/index.php?rest_route=\/wp\/v2\/pages"}],"about":[{"href":"https:\/\/vivresonreve.ch\/index.php?rest_route=\/wp\/v2\/types\/page"}],"author":[{"embeddable":true,"href":"https:\/\/vivresonreve.ch\/index.php?rest_route=\/wp\/v2\/users\/2"}],"replies":[{"embeddable":true,"href":"https:\/\/vivresonreve.ch\/index.php?rest_route=%2Fwp%2Fv2%2Fcomments&post=7792"}],"version-history":[{"count":12,"href":"https:\/\/vivresonreve.ch\/index.php?rest_route=\/wp\/v2\/pages\/7792\/revisions"}],"predecessor-version":[{"id":8026,"href":"https:\/\/vivresonreve.ch\/index.php?rest_route=\/wp\/v2\/pages\/7792\/revisions\/8026"}],"wp:attachment":[{"href":"https:\/\/vivresonreve.ch\/index.php?rest_route=%2Fwp%2Fv2%2Fmedia&parent=7792"}],"curies":[{"name":"wp","href":"https:\/\/api.w.org\/{rel}","templated":true}]}}

Présents

<p>[et_pb_section fb_built= »1&Prime; _builder_version= »3.22&Prime; background_color= »#ffffff » background_image= »https://vivresonreve.ch/wp-content/uploads/2014/11/Title_bg_comite_presentation.jpg » transparent_background= »off » global_colors_info= »{} »][et_pb_row _builder_version= »3.25&Prime; background_size= »initial » background_position= »top_left » background_repeat= »repeat » global_colors_info= »{} »][et_pb_column type= »4_4&Prime; _builder_version= »3.25&Prime; custom_padding= »||| » global_colors_info= »{} » custom_padding__hover= »||| »][et_pb_image src= »https://vivresonreve.ch/wp-content/uploads/2025/08/presents.png » title_text= »présents » show_bottom_space= »off » align_tablet= »center » align_phone= »center » align_last_edited= »on|desktop » admin_label= »Image » _builder_version= »4.14.8&Prime; animation_style= »fade » animation_duration= »500ms » animation= »fade_in » sticky= »on » global_colors_info= »{} »][/et_pb_image][/et_pb_column][/et_pb_row][/et_pb_section][et_pb_section fb_built= »1&Prime; _builder_version= »4.14.8&Prime; _module_preset= »default » global_colors_info= »{} »][et_pb_row _builder_version= »4.14.8&Prime; _module_preset= »default » global_colors_info= »{} »][et_pb_column type= »4_4&Prime; _builder_version= »4.14.8&Prime; _module_preset= »default » global_colors_info= »{} »][et_pb_text _builder_version= »4.14.8&Prime; _module_preset= »default » hover_enabled= »0&Prime; global_colors_info= »{} » sticky_enabled= »0&Prime;]</p>
<h2 style="text-align: center;">Concert Gospel 4 juillet 2026<br />Salle associativre Charmey<br />
</h2>
<h2 style="text-align: center;"><a href="https://www.murielmorandi.com/concert-gospel" target="_blank" rel="noopener"><img loading="lazy" decoding="async" src="https://vivresonreve.ch/wp-content/uploads/2026/05/GOSPEL-212x300.jpeg" width="470" height="666" alt="" class="wp-image-8025 aligncenter size-medium" /></a></h2>
<p>[/et_pb_text][/et_pb_column][/et_pb_row][/et_pb_section][et_pb_section fb_built= »1&Prime; _builder_version= »4.14.8&Prime; _module_preset= »default » global_colors_info= »{} »][et_pb_row _builder_version= »4.14.8&Prime; _module_preset= »default » global_colors_info= »{} »][et_pb_column type= »4_4&Prime; _builder_version= »4.14.8&Prime; _module_preset= »default » global_colors_info= »{} »][et_pb_text _builder_version= »4.14.8&Prime; _module_preset= »default » global_colors_info= »{} »]</p>
<h2 style="text-align: center;"><span data-olk-copy-source="MessageBody">Jeudi 24 septembre 2026 le loto à l’Escale de Givisiez, à 20h00</span></h2>
<p>[/et_pb_text][/et_pb_column][/et_pb_row][/et_pb_section][et_pb_section fb_built= »1&Prime; _builder_version= »4.14.8&Prime; _module_preset= »default » global_colors_info= »{} »][et_pb_row _builder_version= »4.14.8&Prime; _module_preset= »default » global_colors_info= »{} »][et_pb_column type= »4_4&Prime; _builder_version= »4.14.8&Prime; _module_preset= »default » global_colors_info= »{} »][et_pb_text _builder_version= »4.14.8&Prime; _module_preset= »default » global_colors_info= »{} »]</p>
<h2 style="text-align: center;">Vendredi 6 novembre 2026, de 11h45 – 14h00, manifestation annuelle Vivre son Rêve chez MaFondue, à la Tour de Trême</h2>
<h2 style="text-align: center;"><a href="https://mafondue.ch/espace-fernand/" target="_blank" rel="noopener">https://mafondue.ch/espace-fernand/</a></h2>
<p><a href="https://vivresonreve.ch/wp-content/uploads/2026/01/ondue.png"><img loading="lazy" decoding="async" src="https://vivresonreve.ch/wp-content/uploads/2026/01/ondue-300x300.png" width="355" height="355" alt="" class="wp-image-7872 aligncenter size-medium" /></a></p>
<p>[/et_pb_text][/et_pb_column][/et_pb_row][/et_pb_section]</p>

<p>Concert Gospel 4 juillet 2026Salle associativre Charmey Jeudi 24 septembre 2026 le loto à l’Escale de Givisiez, à 20h00Vendredi 6 novembre 2026, de 11h45 – 14h00, manifestation annuelle Vivre son Rêve chez MaFondue, à la Tour de Trême https://mafondue.ch/espace-fernand/</p>
