{"id":7011,"date":"2024-03-06T14:29:31","date_gmt":"2024-03-06T12:29:31","guid":{"rendered":"https:\/\/vivresonreve.ch\/?page_id=7011"},"modified":"2024-03-20T16:54:05","modified_gmt":"2024-03-20T14:54:05","slug":"jan-porchet-3","status":"publish","type":"page","link":"https:\/\/vivresonreve.ch\/?page_id=7011","title":{"rendered":"Jan Porchet"},"content":{"rendered":"<p>[et_pb_section fb_built=\u00a0\u00bb1&Prime; fullwidth=\u00a0\u00bbon\u00a0\u00bb _builder_version=\u00a0\u00bb3.22&Prime; background_color=\u00a0\u00bb#ffffff\u00a0\u00bb transparent_background=\u00a0\u00bboff\u00a0\u00bb global_colors_info=\u00a0\u00bb{}\u00a0\u00bb][et_pb_fullwidth_slider show_arrows=\u00a0\u00bboff\u00a0\u00bb show_pagination=\u00a0\u00bboff\u00a0\u00bb admin_label=\u00a0\u00bbFullwidth Slider\u00a0\u00bb _builder_version=\u00a0\u00bb4.14.8&Prime; custom_padding=\u00a0\u00bb|||\u00a0\u00bb custom_padding_tablet=\u00a0\u00bb|||\u00a0\u00bb custom_padding_phone=\u00a0\u00bb|||\u00a0\u00bb box_shadow_style=\u00a0\u00bbpreset6&Prime; box_shadow_blur=\u00a0\u00bb10px\u00a0\u00bb box_shadow_color=\u00a0\u00bbrgba(0,0,0,0.1)\u00a0\u00bb show_inner_shadow=\u00a0\u00bbon\u00a0\u00bb global_colors_info=\u00a0\u00bb{}\u00a0\u00bb button_text_size__hover_enabled=\u00a0\u00bboff\u00a0\u00bb button_one_text_size__hover_enabled=\u00a0\u00bboff\u00a0\u00bb button_two_text_size__hover_enabled=\u00a0\u00bboff\u00a0\u00bb button_text_color__hover_enabled=\u00a0\u00bboff\u00a0\u00bb button_one_text_color__hover_enabled=\u00a0\u00bboff\u00a0\u00bb button_two_text_color__hover_enabled=\u00a0\u00bboff\u00a0\u00bb button_border_width__hover_enabled=\u00a0\u00bboff\u00a0\u00bb button_one_border_width__hover_enabled=\u00a0\u00bboff\u00a0\u00bb button_two_border_width__hover_enabled=\u00a0\u00bboff\u00a0\u00bb button_border_color__hover_enabled=\u00a0\u00bboff\u00a0\u00bb button_one_border_color__hover_enabled=\u00a0\u00bboff\u00a0\u00bb button_two_border_color__hover_enabled=\u00a0\u00bboff\u00a0\u00bb button_border_radius__hover_enabled=\u00a0\u00bboff\u00a0\u00bb button_one_border_radius__hover_enabled=\u00a0\u00bboff\u00a0\u00bb button_two_border_radius__hover_enabled=\u00a0\u00bboff\u00a0\u00bb button_letter_spacing__hover_enabled=\u00a0\u00bboff\u00a0\u00bb button_one_letter_spacing__hover_enabled=\u00a0\u00bboff\u00a0\u00bb button_two_letter_spacing__hover_enabled=\u00a0\u00bboff\u00a0\u00bb button_bg_color__hover_enabled=\u00a0\u00bboff\u00a0\u00bb button_one_bg_color__hover_enabled=\u00a0\u00bboff\u00a0\u00bb button_two_bg_color__hover_enabled=\u00a0\u00bboff\u00a0\u00bb][\/et_pb_fullwidth_slider][et_pb_fullwidth_image src=\u00a0\u00bbhttps:\/\/vivresonreve.ch\/wp-content\/uploads\/2024\/03\/Jan_03-1.png\u00a0\u00bb title_text=\u00a0\u00bbJan_03&Prime; admin_label=\u00a0\u00bbImage en pleine largeur\u00a0\u00bb _builder_version=\u00a0\u00bb4.14.8&Prime; _module_preset=\u00a0\u00bbdefault\u00a0\u00bb global_colors_info=\u00a0\u00bb{}\u00a0\u00bb][\/et_pb_fullwidth_image][\/et_pb_section][et_pb_section fb_built=\u00a0\u00bb1&Prime; _builder_version=\u00a0\u00bb3.22&Prime; global_colors_info=\u00a0\u00bb{}\u00a0\u00bb][et_pb_row column_structure=\u00a0\u00bb1_3,2_3&Prime; _builder_version=\u00a0\u00bb3.25&Prime; background_size=\u00a0\u00bbinitial\u00a0\u00bb background_position=\u00a0\u00bbtop_left\u00a0\u00bb background_repeat=\u00a0\u00bbrepeat\u00a0\u00bb global_colors_info=\u00a0\u00bb{}\u00a0\u00bb][et_pb_column type=\u00a0\u00bb1_3&Prime; _builder_version=\u00a0\u00bb3.25&Prime; custom_padding=\u00a0\u00bb|||\u00a0\u00bb global_colors_info=\u00a0\u00bb{}\u00a0\u00bb custom_padding__hover=\u00a0\u00bb|||\u00a0\u00bb][et_pb_image src=\u00a0\u00bbhttps:\/\/vivresonreve.ch\/wp-content\/uploads\/2024\/02\/JAN_PORCHET.jpg\u00a0\u00bb title_text=\u00a0\u00bbJAN_PORCHET\u00a0\u00bb align_tablet=\u00a0\u00bbcenter\u00a0\u00bb align_phone=\u00a0\u00bbcenter\u00a0\u00bb align_last_edited=\u00a0\u00bbon|desktop\u00a0\u00bb admin_label=\u00a0\u00bbImage\u00a0\u00bb _builder_version=\u00a0\u00bb4.14.8&Prime; animation_style=\u00a0\u00bbfade\u00a0\u00bb animation_duration=\u00a0\u00bb500ms\u00a0\u00bb animation=\u00a0\u00bbfade_in\u00a0\u00bb sticky=\u00a0\u00bboff\u00a0\u00bb global_colors_info=\u00a0\u00bb{}\u00a0\u00bb][\/et_pb_image][\/et_pb_column][et_pb_column type=\u00a0\u00bb2_3&Prime; _builder_version=\u00a0\u00bb3.25&Prime; custom_padding=\u00a0\u00bb|||\u00a0\u00bb global_colors_info=\u00a0\u00bb{}\u00a0\u00bb custom_padding__hover=\u00a0\u00bb|||\u00a0\u00bb][et_pb_text admin_label=\u00a0\u00bbText\u00a0\u00bb _builder_version=\u00a0\u00bb4.14.8&Prime; background_size=\u00a0\u00bbinitial\u00a0\u00bb background_position=\u00a0\u00bbtop_left\u00a0\u00bb background_repeat=\u00a0\u00bbrepeat\u00a0\u00bb global_colors_info=\u00a0\u00bb{}\u00a0\u00bb]<\/p>\n<h1 style=\"text-align: left; color: #4cadce; font-size: 46px;\"><em>JAN PORCHET<\/em><\/h1>\n<p><em><strong>\u00c2ge:<\/strong>\u00a019 ans (26 avril 2005)<br \/>\n<strong>Domicile:<\/strong>\u00a0Villars-sur-Gl\u00e2ne<br \/>\n<strong>Canton:<\/strong>\u00a0Fribourg<\/em><br \/>\n[\/et_pb_text][et_pb_accordion admin_label=\u00a0\u00bbAccordion\u00a0\u00bb _builder_version=\u00a0\u00bb4.14.8&Prime; global_colors_info=\u00a0\u00bb{}\u00a0\u00bb][et_pb_accordion_item title=\u00a0\u00bbR\u00c9SULTATS SPORTIFS\u00a0\u00bb open=\u00a0\u00bbon\u00a0\u00bb _builder_version=\u00a0\u00bb4.14.8&Prime; global_colors_info=\u00a0\u00bb{}\u00a0\u00bb]<\/p>\n<p><b style=\"color: #4cadce;\"><strong><span style=\"color: #33cccc;\">Mes meilleurs r\u00e9sultats jusqu\u2019\u00e0 pr\u00e9sen<\/span>t<\/strong>\u00a0<\/b><\/p>\n<p><span style=\"color: #33cccc;\"><strong>Saison 2020<\/strong><\/span><\/p>\n<ul>\n<li>1<sup>er<\/sup>rang U16 Suisse Romande<\/li>\n<li>2<sup>\u00e8me<\/sup>rang National Swiss Golf U16<\/li>\n<\/ul>\n<p><span style=\"color: #33cccc;\"><strong>Saison 2022<\/strong><\/span><\/p>\n<ul>\n<li>13<sup>\u00e8me<\/sup>rand Grand Prix de Chamonix (Adultes amateurs)<\/li>\n<li>16<sup>\u00e8me<\/sup>rang Grand Prix de la Bresse (adultes amateurs)<\/li>\n<\/ul>\n<p><span style=\"color: #33cccc;\"><strong>Saison 2023<\/strong><\/span><\/p>\n<ul>\n<li>6<sup>\u00e8me<\/sup>rang Grand Prix du Clou FR (Adultes amateurs)<\/li>\n<li>13<sup>\u00e8me<\/sup>rang Grand Prix de Lons Le Saunier Fr (Adultes amateurs)<\/li>\n<li>10<sup>\u00e8me<\/sup>rang Grand Prix de la Bresse FR (Adultes amateurs)<\/li>\n<li>6<sup>\u00e8me<\/sup>Grand Prix du golf de Manville FR (Adultes amateurs)<\/li>\n<li>8<sup>\u00e8me<\/sup>Grand Prix de Valscure FR (Adultes amateurs)<\/li>\n<li>9<sup>\u00e8me<\/sup>Edge Golf International Championship Portugal (Adultes amateurs)<\/li>\n<li>1er US Kids Tour U18 Golf Opio Valbonne (Adultes amateurs)<\/li>\n<li>2\u00e8me US Kids Tour U18 Golf Saint Donat (Adultes amateurs)<\/li>\n<\/ul>\n<p><span style=\"color: #33cccc;\"><strong>Saison 2024<\/strong><\/span><\/p>\n<ul>\n<li>2\u00e8me US Kids Tour U18 Golf Saint Donat (Adultes amateurs)<\/li>\n<li>1er US Kids Tour U18 Golf Valescure<\/li>\n<li>1er US Kids Tour U18 golf Aix-Marseille<\/li>\n<\/ul>\n<p>[\/et_pb_accordion_item][et_pb_accordion_item title=\u00a0\u00bbOBJECTIFS\u00a0\u00bb _builder_version=\u00a0\u00bb4.14.8&Prime; global_colors_info=\u00a0\u00bb{}\u00a0\u00bb open=\u00a0\u00bboff\u00a0\u00bb]<\/p>\n<p><b style=\"color: #4cadce;\">O<strong>bjectifs sportifs <\/strong><\/b><\/p>\n<p><b style=\"color: #4cadce;\"><strong>Saison 2024<\/strong><\/b><\/p>\n<ul>\n<li>Top 10 dans les tournois Fran\u00e7ais<\/li>\n<li>Gagner 1 Grand Prix Fran\u00e7ais<\/li>\n<li>Int\u00e9grer le classement WAGR (World Amateur Golf Ranking)<\/li>\n<li>Baisser mon handicap \u00e0 +1.5<\/li>\n<\/ul>\n<p><b style=\"color: #4cadce;\">Saison 2025-2026<\/b><\/p>\n<ul>\n<li>Engranger de l\u2019exp\u00e9rience sur sol am\u00e9ricain<\/li>\n<li>Performer avec l\u2019\u00e9quipe universitaire sur le circuit am\u00e9ricain<\/li>\n<li>Top 50 dans les tournois am\u00e9ricains<\/li>\n<li>Top 10 OM Suisse hommes<\/li>\n<li>Baisser mon handicap \u00e0 +4<\/li>\n<\/ul>\n<p><b style=\"color: #4cadce;\">Saison 2027-2028<\/b><\/p>\n<ul>\n<li>Int\u00e9grer l\u2019Equipe Suisse hommes<\/li>\n<li>Devenir leader de mon \u00e9quipe universitaire<\/li>\n<li>Top 5 OM Suisse hommes<\/li>\n<li>Top 800 OM Europ\u00e9en<\/li>\n<li>S\u00e9lection pour l\u2019Alps Tour ou Pro Golf Tour (3<sup>\u00e8me<\/sup> division europ\u00e9enne)<\/li>\n<\/ul>\n<p><b style=\"color: #4cadce;\">Saison 2029-2030<\/b><\/p>\n<p><b style=\"color: #4cadce;\"><strong>Plan A<\/strong><\/b><\/p>\n<ul>\n<li>S\u00e9lection pour l\u2019Alps Tour ou le Tour europ\u00e9en<\/li>\n<li>Top 500 OM Europ\u00e9en<\/li>\n<li>Passer Professionnel<\/li>\n<\/ul>\n<p><b style=\"color: #4cadce;\"><strong>Plan B<\/strong><\/b><\/p>\n<ul>\n<li><u><\/u>Jouer avec l\u2019\u00e9quipe Suisse de golf au plus haut niveau<\/li>\n<li>Engagement professionnel dans le monde du sport (CIO, Swiss Olympic, Coach Elite)<\/li>\n<\/ul>\n<p>[\/et_pb_accordion_item][\/et_pb_accordion][\/et_pb_column][\/et_pb_row][et_pb_row _builder_version=\u00a0\u00bb4.14.8&Prime; background_size=\u00a0\u00bbinitial\u00a0\u00bb background_position=\u00a0\u00bbtop_left\u00a0\u00bb background_repeat=\u00a0\u00bbrepeat\u00a0\u00bb global_colors_info=\u00a0\u00bb{}\u00a0\u00bb][et_pb_column type=\u00a0\u00bb4_4&Prime; _builder_version=\u00a0\u00bb3.25&Prime; custom_padding=\u00a0\u00bb|||\u00a0\u00bb global_colors_info=\u00a0\u00bb{}\u00a0\u00bb custom_padding__hover=\u00a0\u00bb|||\u00a0\u00bb][et_pb_gallery gallery_ids=\u00a0\u00bb6896,6895,6894,7191&Prime; show_title_and_caption=\u00a0\u00bboff\u00a0\u00bb _builder_version=\u00a0\u00bb4.14.8&Prime; _module_preset=\u00a0\u00bbdefault\u00a0\u00bb global_colors_info=\u00a0\u00bb{}\u00a0\u00bb][\/et_pb_gallery][\/et_pb_column][\/et_pb_row][\/et_pb_section]<\/p>\n","protected":false},"excerpt":{"rendered":"<p>JAN PORCHET \u00c2ge:\u00a019 ans (26 avril 2005) Domicile:\u00a0Villars-sur-Gl\u00e2ne Canton:\u00a0Fribourg Mes meilleurs r\u00e9sultats jusqu\u2019\u00e0 pr\u00e9sent\u00a0 Saison 2020 1errang U16 Suisse Romande 2\u00e8merang National Swiss Golf U16 Saison 2022 13\u00e8merand Grand Prix de Chamonix (Adultes amateurs) 16\u00e8merang Grand Prix de la Bresse (adultes amateurs) Saison 2023 6\u00e8merang Grand Prix du Clou FR (Adultes amateurs) 13\u00e8merang Grand Prix [&hellip;]<\/p>\n","protected":false},"author":2,"featured_media":0,"parent":0,"menu_order":0,"comment_status":"closed","ping_status":"closed","template":"","meta":{"_et_pb_use_builder":"on","_et_pb_old_content":"","_et_gb_content_width":"","footnotes":""},"class_list":["post-7011","page","type-page","status-publish","hentry"],"_links":{"self":[{"href":"https:\/\/vivresonreve.ch\/index.php?rest_route=\/wp\/v2\/pages\/7011","targetHints":{"allow":["GET"]}}],"collection":[{"href":"https:\/\/vivresonreve.ch\/index.php?rest_route=\/wp\/v2\/pages"}],"about":[{"href":"https:\/\/vivresonreve.ch\/index.php?rest_route=\/wp\/v2\/types\/page"}],"author":[{"embeddable":true,"href":"https:\/\/vivresonreve.ch\/index.php?rest_route=\/wp\/v2\/users\/2"}],"replies":[{"embeddable":true,"href":"https:\/\/vivresonreve.ch\/index.php?rest_route=%2Fwp%2Fv2%2Fcomments&post=7011"}],"version-history":[{"count":22,"href":"https:\/\/vivresonreve.ch\/index.php?rest_route=\/wp\/v2\/pages\/7011\/revisions"}],"predecessor-version":[{"id":7196,"href":"https:\/\/vivresonreve.ch\/index.php?rest_route=\/wp\/v2\/pages\/7011\/revisions\/7196"}],"wp:attachment":[{"href":"https:\/\/vivresonreve.ch\/index.php?rest_route=%2Fwp%2Fv2%2Fmedia&parent=7011"}],"curies":[{"name":"wp","href":"https:\/\/api.w.org\/{rel}","templated":true}]}}

<p>[et_pb_section fb_built= »1&Prime; fullwidth= »on » _builder_version= »3.22&Prime; background_color= »#ffffff » transparent_background= »off » global_colors_info= »{} »][et_pb_fullwidth_slider show_arrows= »off » show_pagination= »off » admin_label= »Fullwidth Slider » _builder_version= »4.14.8&Prime; custom_padding= »||| » custom_padding_tablet= »||| » custom_padding_phone= »||| » box_shadow_style= »preset6&Prime; box_shadow_blur= »10px » box_shadow_color= »rgba(0,0,0,0.1) » show_inner_shadow= »on » global_colors_info= »{} » button_text_size__hover_enabled= »off » button_one_text_size__hover_enabled= »off » button_two_text_size__hover_enabled= »off » button_text_color__hover_enabled= »off » button_one_text_color__hover_enabled= »off » button_two_text_color__hover_enabled= »off » button_border_width__hover_enabled= »off » button_one_border_width__hover_enabled= »off » button_two_border_width__hover_enabled= »off » button_border_color__hover_enabled= »off » button_one_border_color__hover_enabled= »off » button_two_border_color__hover_enabled= »off » button_border_radius__hover_enabled= »off » button_one_border_radius__hover_enabled= »off » button_two_border_radius__hover_enabled= »off » button_letter_spacing__hover_enabled= »off » button_one_letter_spacing__hover_enabled= »off » button_two_letter_spacing__hover_enabled= »off » button_bg_color__hover_enabled= »off » button_one_bg_color__hover_enabled= »off » button_two_bg_color__hover_enabled= »off »][/et_pb_fullwidth_slider][et_pb_fullwidth_image src= »https://vivresonreve.ch/wp-content/uploads/2024/03/Jan_03-1.png » title_text= »Jan_03&Prime; admin_label= »Image en pleine largeur » _builder_version= »4.14.8&Prime; _module_preset= »default » global_colors_info= »{} »][/et_pb_fullwidth_image][/et_pb_section][et_pb_section fb_built= »1&Prime; _builder_version= »3.22&Prime; global_colors_info= »{} »][et_pb_row column_structure= »1_3,2_3&Prime; _builder_version= »3.25&Prime; background_size= »initial » background_position= »top_left » background_repeat= »repeat » global_colors_info= »{} »][et_pb_column type= »1_3&Prime; _builder_version= »3.25&Prime; custom_padding= »||| » global_colors_info= »{} » custom_padding__hover= »||| »][et_pb_image src= »https://vivresonreve.ch/wp-content/uploads/2024/02/JAN_PORCHET.jpg » title_text= »JAN_PORCHET » align_tablet= »center » align_phone= »center » align_last_edited= »on|desktop » admin_label= »Image » _builder_version= »4.14.8&Prime; animation_style= »fade » animation_duration= »500ms » animation= »fade_in » sticky= »off » global_colors_info= »{} »][/et_pb_image][/et_pb_column][et_pb_column type= »2_3&Prime; _builder_version= »3.25&Prime; custom_padding= »||| » global_colors_info= »{} » custom_padding__hover= »||| »][et_pb_text admin_label= »Text » _builder_version= »4.14.8&Prime; background_size= »initial » background_position= »top_left » background_repeat= »repeat » global_colors_info= »{} »]</p>
<h1 style="text-align: left; color: #4cadce; font-size: 46px;"><em>JAN PORCHET</em></h1>
<p><em><strong>Âge:</strong> 19 ans (26 avril 2005)<br />
<strong>Domicile:</strong> Villars-sur-Glâne<br />
<strong>Canton:</strong> Fribourg</em><br />
[/et_pb_text][et_pb_accordion admin_label= »Accordion » _builder_version= »4.14.8&Prime; global_colors_info= »{} »][et_pb_accordion_item title= »RÉSULTATS SPORTIFS » open= »on » _builder_version= »4.14.8&Prime; global_colors_info= »{} »]</p>
<p><b style="color: #4cadce;"><strong><span style="color: #33cccc;">Mes meilleurs résultats jusqu’à présen</span>t</strong> </b></p>
<p><span style="color: #33cccc;"><strong>Saison 2020</strong></span></p>
<ul>
<li>1<sup>er</sup>rang U16 Suisse Romande</li>
<li>2<sup>ème</sup>rang National Swiss Golf U16</li>
</ul>
<p><span style="color: #33cccc;"><strong>Saison 2022</strong></span></p>
<ul>
<li>13<sup>ème</sup>rand Grand Prix de Chamonix (Adultes amateurs)</li>
<li>16<sup>ème</sup>rang Grand Prix de la Bresse (adultes amateurs)</li>
</ul>
<p><span style="color: #33cccc;"><strong>Saison 2023</strong></span></p>
<ul>
<li>6<sup>ème</sup>rang Grand Prix du Clou FR (Adultes amateurs)</li>
<li>13<sup>ème</sup>rang Grand Prix de Lons Le Saunier Fr (Adultes amateurs)</li>
<li>10<sup>ème</sup>rang Grand Prix de la Bresse FR (Adultes amateurs)</li>
<li>6<sup>ème</sup>Grand Prix du golf de Manville FR (Adultes amateurs)</li>
<li>8<sup>ème</sup>Grand Prix de Valscure FR (Adultes amateurs)</li>
<li>9<sup>ème</sup>Edge Golf International Championship Portugal (Adultes amateurs)</li>
<li>1er US Kids Tour U18 Golf Opio Valbonne (Adultes amateurs)</li>
<li>2ème US Kids Tour U18 Golf Saint Donat (Adultes amateurs)</li>
</ul>
<p><span style="color: #33cccc;"><strong>Saison 2024</strong></span></p>
<ul>
<li>2ème US Kids Tour U18 Golf Saint Donat (Adultes amateurs)</li>
<li>1er US Kids Tour U18 Golf Valescure</li>
<li>1er US Kids Tour U18 golf Aix-Marseille</li>
</ul>
<p>[/et_pb_accordion_item][et_pb_accordion_item title= »OBJECTIFS » _builder_version= »4.14.8&Prime; global_colors_info= »{} » open= »off »]</p>
<p><b style="color: #4cadce;">O<strong>bjectifs sportifs </strong></b></p>
<p><b style="color: #4cadce;"><strong>Saison 2024</strong></b></p>
<ul>
<li>Top 10 dans les tournois Français</li>
<li>Gagner 1 Grand Prix Français</li>
<li>Intégrer le classement WAGR (World Amateur Golf Ranking)</li>
<li>Baisser mon handicap à +1.5</li>
</ul>
<p><b style="color: #4cadce;">Saison 2025-2026</b></p>
<ul>
<li>Engranger de l’expérience sur sol américain</li>
<li>Performer avec l’équipe universitaire sur le circuit américain</li>
<li>Top 50 dans les tournois américains</li>
<li>Top 10 OM Suisse hommes</li>
<li>Baisser mon handicap à +4</li>
</ul>
<p><b style="color: #4cadce;">Saison 2027-2028</b></p>
<ul>
<li>Intégrer l’Equipe Suisse hommes</li>
<li>Devenir leader de mon équipe universitaire</li>
<li>Top 5 OM Suisse hommes</li>
<li>Top 800 OM Européen</li>
<li>Sélection pour l’Alps Tour ou Pro Golf Tour (3<sup>ème</sup> division européenne)</li>
</ul>
<p><b style="color: #4cadce;">Saison 2029-2030</b></p>
<p><b style="color: #4cadce;"><strong>Plan A</strong></b></p>
<ul>
<li>Sélection pour l’Alps Tour ou le Tour européen</li>
<li>Top 500 OM Européen</li>
<li>Passer Professionnel</li>
</ul>
<p><b style="color: #4cadce;"><strong>Plan B</strong></b></p>
<ul>
<li><u></u>Jouer avec l’équipe Suisse de golf au plus haut niveau</li>
<li>Engagement professionnel dans le monde du sport (CIO, Swiss Olympic, Coach Elite)</li>
</ul>
<p>[/et_pb_accordion_item][/et_pb_accordion][/et_pb_column][/et_pb_row][et_pb_row _builder_version= »4.14.8&Prime; background_size= »initial » background_position= »top_left » background_repeat= »repeat » global_colors_info= »{} »][et_pb_column type= »4_4&Prime; _builder_version= »3.25&Prime; custom_padding= »||| » global_colors_info= »{} » custom_padding__hover= »||| »][et_pb_gallery gallery_ids= »6896,6895,6894,7191&Prime; show_title_and_caption= »off » _builder_version= »4.14.8&Prime; _module_preset= »default » global_colors_info= »{} »][/et_pb_gallery][/et_pb_column][/et_pb_row][/et_pb_section]</p>

<p>JAN PORCHET Âge: 19 ans (26 avril 2005) Domicile: Villars-sur-Glâne Canton: Fribourg Mes meilleurs résultats jusqu’à présent  Saison 2020 1errang U16 Suisse Romande 2èmerang National Swiss Golf U16 Saison 2022 13èmerand Grand Prix de Chamonix (Adultes amateurs) 16èmerang Grand Prix de la Bresse (adultes amateurs) Saison 2023 6èmerang Grand Prix du Clou FR (Adultes amateurs) 13èmerang Grand Prix [&hellip;]</p>
