{"id":6977,"date":"2024-03-06T10:42:03","date_gmt":"2024-03-06T08:42:03","guid":{"rendered":"https:\/\/vivresonreve.ch\/?page_id=6977"},"modified":"2026-02-19T15:20:36","modified_gmt":"2026-02-19T13:20:36","slug":"arnaud-renaud-2","status":"publish","type":"page","link":"https:\/\/vivresonreve.ch\/?page_id=6977","title":{"rendered":"Arnaud Renaud"},"content":{"rendered":"<p>[et_pb_section fb_built=\u00a0\u00bb1&Prime; fullwidth=\u00a0\u00bbon\u00a0\u00bb _builder_version=\u00a0\u00bb3.22&Prime; background_color=\u00a0\u00bb#ffffff\u00a0\u00bb transparent_background=\u00a0\u00bboff\u00a0\u00bb global_colors_info=\u00a0\u00bb{}\u00a0\u00bb][et_pb_fullwidth_slider show_arrows=\u00a0\u00bboff\u00a0\u00bb show_pagination=\u00a0\u00bboff\u00a0\u00bb admin_label=\u00a0\u00bbFullwidth Slider\u00a0\u00bb _builder_version=\u00a0\u00bb4.14.8&Prime; custom_padding=\u00a0\u00bb|||\u00a0\u00bb custom_padding_tablet=\u00a0\u00bb|||\u00a0\u00bb custom_padding_phone=\u00a0\u00bb|||\u00a0\u00bb box_shadow_style=\u00a0\u00bbpreset6&Prime; box_shadow_blur=\u00a0\u00bb10px\u00a0\u00bb box_shadow_color=\u00a0\u00bbrgba(0,0,0,0.1)\u00a0\u00bb show_inner_shadow=\u00a0\u00bbon\u00a0\u00bb global_colors_info=\u00a0\u00bb{}\u00a0\u00bb button_text_size__hover_enabled=\u00a0\u00bboff\u00a0\u00bb button_one_text_size__hover_enabled=\u00a0\u00bboff\u00a0\u00bb button_two_text_size__hover_enabled=\u00a0\u00bboff\u00a0\u00bb button_text_color__hover_enabled=\u00a0\u00bboff\u00a0\u00bb button_one_text_color__hover_enabled=\u00a0\u00bboff\u00a0\u00bb button_two_text_color__hover_enabled=\u00a0\u00bboff\u00a0\u00bb button_border_width__hover_enabled=\u00a0\u00bboff\u00a0\u00bb button_one_border_width__hover_enabled=\u00a0\u00bboff\u00a0\u00bb button_two_border_width__hover_enabled=\u00a0\u00bboff\u00a0\u00bb button_border_color__hover_enabled=\u00a0\u00bboff\u00a0\u00bb button_one_border_color__hover_enabled=\u00a0\u00bboff\u00a0\u00bb button_two_border_color__hover_enabled=\u00a0\u00bboff\u00a0\u00bb button_border_radius__hover_enabled=\u00a0\u00bboff\u00a0\u00bb button_one_border_radius__hover_enabled=\u00a0\u00bboff\u00a0\u00bb button_two_border_radius__hover_enabled=\u00a0\u00bboff\u00a0\u00bb button_letter_spacing__hover_enabled=\u00a0\u00bboff\u00a0\u00bb button_one_letter_spacing__hover_enabled=\u00a0\u00bboff\u00a0\u00bb button_two_letter_spacing__hover_enabled=\u00a0\u00bboff\u00a0\u00bb button_bg_color__hover_enabled=\u00a0\u00bboff\u00a0\u00bb button_one_bg_color__hover_enabled=\u00a0\u00bboff\u00a0\u00bb button_two_bg_color__hover_enabled=\u00a0\u00bboff\u00a0\u00bb][\/et_pb_fullwidth_slider][et_pb_fullwidth_image src=\u00a0\u00bbhttps:\/\/vivresonreve.ch\/wp-content\/uploads\/2024\/02\/ARNAUD01.png\u00a0\u00bb title_text=\u00a0\u00bbARNAUD01&Prime; _builder_version=\u00a0\u00bb4.14.8&Prime; _module_preset=\u00a0\u00bbdefault\u00a0\u00bb global_colors_info=\u00a0\u00bb{}\u00a0\u00bb][\/et_pb_fullwidth_image][\/et_pb_section][et_pb_section fb_built=\u00a0\u00bb1&Prime; _builder_version=\u00a0\u00bb3.22&Prime; global_colors_info=\u00a0\u00bb{}\u00a0\u00bb][et_pb_row column_structure=\u00a0\u00bb1_3,2_3&Prime; _builder_version=\u00a0\u00bb3.25&Prime; background_size=\u00a0\u00bbinitial\u00a0\u00bb background_position=\u00a0\u00bbtop_left\u00a0\u00bb background_repeat=\u00a0\u00bbrepeat\u00a0\u00bb global_colors_info=\u00a0\u00bb{}\u00a0\u00bb][et_pb_column type=\u00a0\u00bb1_3&Prime; _builder_version=\u00a0\u00bb3.25&Prime; custom_padding=\u00a0\u00bb|||\u00a0\u00bb global_colors_info=\u00a0\u00bb{}\u00a0\u00bb custom_padding__hover=\u00a0\u00bb|||\u00a0\u00bb][et_pb_image src=\u00a0\u00bbhttps:\/\/vivresonreve.ch\/wp-content\/uploads\/2024\/02\/AR_2024.png\u00a0\u00bb title_text=\u00a0\u00bbAR_2024&Prime; align_tablet=\u00a0\u00bbcenter\u00a0\u00bb align_phone=\u00a0\u00bbcenter\u00a0\u00bb align_last_edited=\u00a0\u00bbon|desktop\u00a0\u00bb admin_label=\u00a0\u00bbImage\u00a0\u00bb _builder_version=\u00a0\u00bb4.14.8&Prime; animation_style=\u00a0\u00bbfade\u00a0\u00bb animation_duration=\u00a0\u00bb500ms\u00a0\u00bb animation=\u00a0\u00bbfade_in\u00a0\u00bb sticky=\u00a0\u00bboff\u00a0\u00bb global_colors_info=\u00a0\u00bb{}\u00a0\u00bb][\/et_pb_image][\/et_pb_column][et_pb_column type=\u00a0\u00bb2_3&Prime; _builder_version=\u00a0\u00bb3.25&Prime; custom_padding=\u00a0\u00bb|||\u00a0\u00bb global_colors_info=\u00a0\u00bb{}\u00a0\u00bb custom_padding__hover=\u00a0\u00bb|||\u00a0\u00bb][et_pb_text admin_label=\u00a0\u00bbText\u00a0\u00bb _builder_version=\u00a0\u00bb4.14.8&Prime; background_size=\u00a0\u00bbinitial\u00a0\u00bb background_position=\u00a0\u00bbtop_left\u00a0\u00bb background_repeat=\u00a0\u00bbrepeat\u00a0\u00bb hover_enabled=\u00a0\u00bb0&Prime; global_colors_info=\u00a0\u00bb{}\u00a0\u00bb sticky_enabled=\u00a0\u00bb0&Prime;]<\/p>\n<h1 style=\"text-align: left; color: #4cadce; font-size: 46px;\"><em>ARNAUD RENAUD<\/em><\/h1>\n<p><em><strong>\u00c2ge:<\/strong> 22 ans (18 juin 2003)<br \/><strong>Domicile:<\/strong>\u00a0Ch\u00e2tel-Saint-Denis<br \/><strong>Canton:<\/strong>\u00a0Fribourg<\/em><\/p>\n<p>[\/et_pb_text][et_pb_accordion admin_label=\u00a0\u00bbAccordion\u00a0\u00bb _builder_version=\u00a0\u00bb4.14.8&Prime; global_colors_info=\u00a0\u00bb{}\u00a0\u00bb][et_pb_accordion_item title=\u00a0\u00bbR\u00c9SULTATS SPORTIFS\u00a0\u00bb open=\u00a0\u00bbon\u00a0\u00bb _builder_version=\u00a0\u00bb4.14.8&Prime; global_colors_info=\u00a0\u00bb{}\u00a0\u00bb]<\/p>\n<p><b style=\"color: #4cadce;\"><strong>Mes meilleurs r\u00e9sultats jusqu\u2019\u00e0 pr\u00e9sent<\/strong><span>\u00a0<\/span><\/b><\/p>\n<ul>\n<li><span>48e au championnat du monde junior 2023 (Limerick, Irlande)<\/span><\/li>\n<li><span>9e au European Youth Cup en \u00e9quipe mixte 2023(Slov\u00e9nie)<\/span><\/li>\n<li><span>9e au European Youth Cup 2021(Bucarest, Roumanie)<\/span><\/li>\n<li><span>Multiples titres de champion suisse U21(2020, 2022, 2023)<\/span><\/li>\n<li><span>44e au World Indoor Series de N\u00eemes 2022 (France)\u00a0<\/span><\/li>\n<\/ul>\n<p>[\/et_pb_accordion_item][et_pb_accordion_item title=\u00a0\u00bbOBJECTIFS\u00a0\u00bb _builder_version=\u00a0\u00bb4.14.8&Prime; global_colors_info=\u00a0\u00bb{}\u00a0\u00bb open=\u00a0\u00bboff\u00a0\u00bb]<\/p>\n<p><b style=\"color: #4cadce;\">O<strong>bjectifs sportifs <\/strong><\/b><\/p>\n<p style=\"padding-left: 40px;\"><b style=\"color: #4cadce;\"><strong>A court terme<\/strong><\/b><\/p>\n<ul>\n<li><span>Participation et podium \u00e0 un maximum de comp\u00e9titions durant la saison ext\u00e9rieur en Suisse (2024)<\/span><\/li>\n<li><span>Participation et podium aux comp\u00e9titions fran\u00e7aises en Haute-Savoie (2024)<\/span><\/li>\n<li><span>S\u00e9lection pour les Championnats du Monde (2025)<\/span><\/li>\n<li><span>S\u00e9lection pour les Universiades (2025)<\/span><\/li>\n<li><span>Top 20 en World Cup (2025)<\/span><b style=\"color: #4cadce;\"><\/b><\/li>\n<\/ul>\n<p style=\"padding-left: 40px;\"><b style=\"color: #4cadce;\">Moyen terme<\/b><\/p>\n<ul>\n<li><span>Podium en World Cup<\/span><\/li>\n<li><span>Podium aux Championnats d\u2019Europe<\/span><\/li>\n<li><span>Top 10 aux Championnats du Monde<\/span><\/li>\n<li><span>Podium en Grand Prix Europ\u00e9en<\/span><\/li>\n<\/ul>\n<p style=\"padding-left: 40px;\"><span><b style=\"color: #4cadce;\">Long terme<\/b><\/span><\/p>\n<ul>\n<li><span>S\u00e9lection et m\u00e9dailles aux Jeux Olympiques (Los Angeles 2028, Brisbane 2032)<\/span><\/li>\n<li><span>Podiums aux Championnats du Monde<\/span><\/li>\n<li><span>M\u00e9dailles d\u2019or aux Championnats d\u2019Europe<\/span><\/li>\n<\/ul>\n<p><span><b style=\"color: #4cadce;\">O<strong>bjectifs professionnels<\/strong><\/b><\/span><\/p>\n<p style=\"padding-left: 40px;\"><b style=\"color: #4cadce;\"><strong>A court terme<\/strong><\/b><\/p>\n<ul>\n<li><span>R\u00e9aliser mon service civil (jusqu\u2019en septembre 2024)<\/span><\/li>\n<li><span>Etude en biologie \u00e0 l\u2019universit\u00e9 de Lausanne \u00e0 temps partiel<\/span><\/li>\n<\/ul>\n<p style=\"padding-left: 40px;\"><b style=\"color: #4cadce;\">Moyen terme<\/b><\/p>\n<ul>\n<li><span>Obtenir mon Bachelor puis mon Master \u00e0 l\u2019universit\u00e9 de Lausanne en Biologie (temps partiel)<\/span><\/li>\n<\/ul>\n<p style=\"padding-left: 40px;\"><span><b style=\"color: #4cadce;\">Long terme<\/b><\/span><\/p>\n<ul>\n<li><span>Archer semi-professionnel et travailler \u00e0 temps partiel dans un domaine li\u00e9 \u00e0 la biologie<\/span><strong><br \/><\/strong><\/li>\n<\/ul>\n<p>[\/et_pb_accordion_item][\/et_pb_accordion][\/et_pb_column][\/et_pb_row][et_pb_row _builder_version=\u00a0\u00bb4.14.8&Prime; background_size=\u00a0\u00bbinitial\u00a0\u00bb background_position=\u00a0\u00bbtop_left\u00a0\u00bb background_repeat=\u00a0\u00bbrepeat\u00a0\u00bb global_colors_info=\u00a0\u00bb{}\u00a0\u00bb][et_pb_column type=\u00a0\u00bb4_4&Prime; _builder_version=\u00a0\u00bb3.25&Prime; custom_padding=\u00a0\u00bb|||\u00a0\u00bb global_colors_info=\u00a0\u00bb{}\u00a0\u00bb custom_padding__hover=\u00a0\u00bb|||\u00a0\u00bb][et_pb_gallery gallery_ids=\u00a0\u00bb7105,7104,7103&Prime; posts_number=\u00a0\u00bb3&Prime; show_title_and_caption=\u00a0\u00bboff\u00a0\u00bb _builder_version=\u00a0\u00bb4.14.8&Prime; _module_preset=\u00a0\u00bbdefault\u00a0\u00bb global_colors_info=\u00a0\u00bb{}\u00a0\u00bb][\/et_pb_gallery][\/et_pb_column][\/et_pb_row][\/et_pb_section]<\/p>\n","protected":false},"excerpt":{"rendered":"<p>ARNAUD RENAUD \u00c2ge: 22 ans (18 juin 2003)Domicile:\u00a0Ch\u00e2tel-Saint-DenisCanton:\u00a0FribourgMes meilleurs r\u00e9sultats jusqu\u2019\u00e0 pr\u00e9sent\u00a0 48e au championnat du monde junior 2023 (Limerick, Irlande) 9e au European Youth Cup en \u00e9quipe mixte 2023(Slov\u00e9nie) 9e au European Youth Cup 2021(Bucarest, Roumanie) Multiples titres de champion suisse U21(2020, 2022, 2023) 44e au World Indoor Series de N\u00eemes 2022 (France)\u00a0 Objectifs [&hellip;]<\/p>\n","protected":false},"author":2,"featured_media":0,"parent":0,"menu_order":0,"comment_status":"closed","ping_status":"closed","template":"","meta":{"_et_pb_use_builder":"on","_et_pb_old_content":"","_et_gb_content_width":"","footnotes":""},"class_list":["post-6977","page","type-page","status-publish","hentry"],"_links":{"self":[{"href":"https:\/\/vivresonreve.ch\/index.php?rest_route=\/wp\/v2\/pages\/6977","targetHints":{"allow":["GET"]}}],"collection":[{"href":"https:\/\/vivresonreve.ch\/index.php?rest_route=\/wp\/v2\/pages"}],"about":[{"href":"https:\/\/vivresonreve.ch\/index.php?rest_route=\/wp\/v2\/types\/page"}],"author":[{"embeddable":true,"href":"https:\/\/vivresonreve.ch\/index.php?rest_route=\/wp\/v2\/users\/2"}],"replies":[{"embeddable":true,"href":"https:\/\/vivresonreve.ch\/index.php?rest_route=%2Fwp%2Fv2%2Fcomments&post=6977"}],"version-history":[{"count":14,"href":"https:\/\/vivresonreve.ch\/index.php?rest_route=\/wp\/v2\/pages\/6977\/revisions"}],"predecessor-version":[{"id":7997,"href":"https:\/\/vivresonreve.ch\/index.php?rest_route=\/wp\/v2\/pages\/6977\/revisions\/7997"}],"wp:attachment":[{"href":"https:\/\/vivresonreve.ch\/index.php?rest_route=%2Fwp%2Fv2%2Fmedia&parent=6977"}],"curies":[{"name":"wp","href":"https:\/\/api.w.org\/{rel}","templated":true}]}}

<p>[et_pb_section fb_built= »1&Prime; fullwidth= »on » _builder_version= »3.22&Prime; background_color= »#ffffff » transparent_background= »off » global_colors_info= »{} »][et_pb_fullwidth_slider show_arrows= »off » show_pagination= »off » admin_label= »Fullwidth Slider » _builder_version= »4.14.8&Prime; custom_padding= »||| » custom_padding_tablet= »||| » custom_padding_phone= »||| » box_shadow_style= »preset6&Prime; box_shadow_blur= »10px » box_shadow_color= »rgba(0,0,0,0.1) » show_inner_shadow= »on » global_colors_info= »{} » button_text_size__hover_enabled= »off » button_one_text_size__hover_enabled= »off » button_two_text_size__hover_enabled= »off » button_text_color__hover_enabled= »off » button_one_text_color__hover_enabled= »off » button_two_text_color__hover_enabled= »off » button_border_width__hover_enabled= »off » button_one_border_width__hover_enabled= »off » button_two_border_width__hover_enabled= »off » button_border_color__hover_enabled= »off » button_one_border_color__hover_enabled= »off » button_two_border_color__hover_enabled= »off » button_border_radius__hover_enabled= »off » button_one_border_radius__hover_enabled= »off » button_two_border_radius__hover_enabled= »off » button_letter_spacing__hover_enabled= »off » button_one_letter_spacing__hover_enabled= »off » button_two_letter_spacing__hover_enabled= »off » button_bg_color__hover_enabled= »off » button_one_bg_color__hover_enabled= »off » button_two_bg_color__hover_enabled= »off »][/et_pb_fullwidth_slider][et_pb_fullwidth_image src= »https://vivresonreve.ch/wp-content/uploads/2024/02/ARNAUD01.png » title_text= »ARNAUD01&Prime; _builder_version= »4.14.8&Prime; _module_preset= »default » global_colors_info= »{} »][/et_pb_fullwidth_image][/et_pb_section][et_pb_section fb_built= »1&Prime; _builder_version= »3.22&Prime; global_colors_info= »{} »][et_pb_row column_structure= »1_3,2_3&Prime; _builder_version= »3.25&Prime; background_size= »initial » background_position= »top_left » background_repeat= »repeat » global_colors_info= »{} »][et_pb_column type= »1_3&Prime; _builder_version= »3.25&Prime; custom_padding= »||| » global_colors_info= »{} » custom_padding__hover= »||| »][et_pb_image src= »https://vivresonreve.ch/wp-content/uploads/2024/02/AR_2024.png » title_text= »AR_2024&Prime; align_tablet= »center » align_phone= »center » align_last_edited= »on|desktop » admin_label= »Image » _builder_version= »4.14.8&Prime; animation_style= »fade » animation_duration= »500ms » animation= »fade_in » sticky= »off » global_colors_info= »{} »][/et_pb_image][/et_pb_column][et_pb_column type= »2_3&Prime; _builder_version= »3.25&Prime; custom_padding= »||| » global_colors_info= »{} » custom_padding__hover= »||| »][et_pb_text admin_label= »Text » _builder_version= »4.14.8&Prime; background_size= »initial » background_position= »top_left » background_repeat= »repeat » hover_enabled= »0&Prime; global_colors_info= »{} » sticky_enabled= »0&Prime;]</p>
<h1 style="text-align: left; color: #4cadce; font-size: 46px;"><em>ARNAUD RENAUD</em></h1>
<p><em><strong>Âge:</strong> 22 ans (18 juin 2003)<br /><strong>Domicile:</strong> Châtel-Saint-Denis<br /><strong>Canton:</strong> Fribourg</em></p>
<p>[/et_pb_text][et_pb_accordion admin_label= »Accordion » _builder_version= »4.14.8&Prime; global_colors_info= »{} »][et_pb_accordion_item title= »RÉSULTATS SPORTIFS » open= »on » _builder_version= »4.14.8&Prime; global_colors_info= »{} »]</p>
<p><b style="color: #4cadce;"><strong>Mes meilleurs résultats jusqu’à présent</strong><span> </span></b></p>
<ul>
<li><span>48e au championnat du monde junior 2023 (Limerick, Irlande)</span></li>
<li><span>9e au European Youth Cup en équipe mixte 2023(Slovénie)</span></li>
<li><span>9e au European Youth Cup 2021(Bucarest, Roumanie)</span></li>
<li><span>Multiples titres de champion suisse U21(2020, 2022, 2023)</span></li>
<li><span>44e au World Indoor Series de Nîmes 2022 (France) </span></li>
</ul>
<p>[/et_pb_accordion_item][et_pb_accordion_item title= »OBJECTIFS » _builder_version= »4.14.8&Prime; global_colors_info= »{} » open= »off »]</p>
<p><b style="color: #4cadce;">O<strong>bjectifs sportifs </strong></b></p>
<p style="padding-left: 40px;"><b style="color: #4cadce;"><strong>A court terme</strong></b></p>
<ul>
<li><span>Participation et podium à un maximum de compétitions durant la saison extérieur en Suisse (2024)</span></li>
<li><span>Participation et podium aux compétitions françaises en Haute-Savoie (2024)</span></li>
<li><span>Sélection pour les Championnats du Monde (2025)</span></li>
<li><span>Sélection pour les Universiades (2025)</span></li>
<li><span>Top 20 en World Cup (2025)</span><b style="color: #4cadce;"></b></li>
</ul>
<p style="padding-left: 40px;"><b style="color: #4cadce;">Moyen terme</b></p>
<ul>
<li><span>Podium en World Cup</span></li>
<li><span>Podium aux Championnats d’Europe</span></li>
<li><span>Top 10 aux Championnats du Monde</span></li>
<li><span>Podium en Grand Prix Européen</span></li>
</ul>
<p style="padding-left: 40px;"><span><b style="color: #4cadce;">Long terme</b></span></p>
<ul>
<li><span>Sélection et médailles aux Jeux Olympiques (Los Angeles 2028, Brisbane 2032)</span></li>
<li><span>Podiums aux Championnats du Monde</span></li>
<li><span>Médailles d’or aux Championnats d’Europe</span></li>
</ul>
<p><span><b style="color: #4cadce;">O<strong>bjectifs professionnels</strong></b></span></p>
<p style="padding-left: 40px;"><b style="color: #4cadce;"><strong>A court terme</strong></b></p>
<ul>
<li><span>Réaliser mon service civil (jusqu’en septembre 2024)</span></li>
<li><span>Etude en biologie à l’université de Lausanne à temps partiel</span></li>
</ul>
<p style="padding-left: 40px;"><b style="color: #4cadce;">Moyen terme</b></p>
<ul>
<li><span>Obtenir mon Bachelor puis mon Master à l’université de Lausanne en Biologie (temps partiel)</span></li>
</ul>
<p style="padding-left: 40px;"><span><b style="color: #4cadce;">Long terme</b></span></p>
<ul>
<li><span>Archer semi-professionnel et travailler à temps partiel dans un domaine lié à la biologie</span><strong><br /></strong></li>
</ul>
<p>[/et_pb_accordion_item][/et_pb_accordion][/et_pb_column][/et_pb_row][et_pb_row _builder_version= »4.14.8&Prime; background_size= »initial » background_position= »top_left » background_repeat= »repeat » global_colors_info= »{} »][et_pb_column type= »4_4&Prime; _builder_version= »3.25&Prime; custom_padding= »||| » global_colors_info= »{} » custom_padding__hover= »||| »][et_pb_gallery gallery_ids= »7105,7104,7103&Prime; posts_number= »3&Prime; show_title_and_caption= »off » _builder_version= »4.14.8&Prime; _module_preset= »default » global_colors_info= »{} »][/et_pb_gallery][/et_pb_column][/et_pb_row][/et_pb_section]</p>

<p>ARNAUD RENAUD Âge: 22 ans (18 juin 2003)Domicile: Châtel-Saint-DenisCanton: FribourgMes meilleurs résultats jusqu’à présent  48e au championnat du monde junior 2023 (Limerick, Irlande) 9e au European Youth Cup en équipe mixte 2023(Slovénie) 9e au European Youth Cup 2021(Bucarest, Roumanie) Multiples titres de champion suisse U21(2020, 2022, 2023) 44e au World Indoor Series de Nîmes 2022 (France)  Objectifs [&hellip;]</p>
